Last updated on 2024-08-16 12:49:09 CEST.
Flavor | Version | Tinstall | Tcheck | Ttotal | Status | Flags |
---|---|---|---|---|---|---|
r-devel-linux-x86_64-debian-clang | 0.12.4 | 8.59 | 257.47 | 266.06 | OK | |
r-devel-linux-x86_64-debian-gcc | 0.12.4 | 5.24 | 186.21 | 191.45 | OK | |
r-devel-linux-x86_64-fedora-clang | 0.12.4 | 413.59 | OK | |||
r-devel-linux-x86_64-fedora-gcc | 0.12.4 | 436.25 | OK | |||
r-devel-windows-x86_64 | 0.12.4 | 13.00 | 206.00 | 219.00 | OK | |
r-patched-linux-x86_64 | 0.12.4 | 9.79 | 243.76 | 253.55 | OK | |
r-release-linux-x86_64 | 0.12.4 | 7.97 | 241.31 | 249.28 | OK | |
r-release-macos-arm64 | 0.12.4 | 89.00 | OK | |||
r-release-macos-x86_64 | 0.12.4 | 176.00 | OK | |||
r-release-windows-x86_64 | 0.12.4 | 14.00 | 189.00 | 203.00 | OK | |
r-oldrel-macos-arm64 | 0.12.4 | 12.00 | ERROR | |||
r-oldrel-macos-x86_64 | 0.12.4 | 13.00 | ERROR | |||
r-oldrel-windows-x86_64 | 0.12.4 | 16.00 | 156.00 | 172.00 | OK |
Version: 0.12.4
Check: package dependencies
Result: ERROR
Packages required and available but unsuitable versions:
'correlation', 'datawizard', 'statsExpressions'
See section ‘The DESCRIPTION file’ in the ‘Writing R Extensions’
manual.
Flavors: r-oldrel-macos-arm64, r-oldrel-macos-x86_64