Last updated on 2024-08-16 12:49:09 CEST.
Flavor | Version | Tinstall | Tcheck | Ttotal | Status | Flags |
---|---|---|---|---|---|---|
r-devel-linux-x86_64-debian-clang | 0.1.7 | 3.88 | 46.03 | 49.91 | NOTE | |
r-devel-linux-x86_64-debian-gcc | 0.1.7 | 3.47 | 33.28 | 36.75 | NOTE | |
r-devel-linux-x86_64-fedora-clang | 0.1.7 | 80.84 | NOTE | |||
r-devel-linux-x86_64-fedora-gcc | 0.1.7 | 75.48 | NOTE | |||
r-devel-windows-x86_64 | 0.1.7 | 7.00 | 63.00 | 70.00 | NOTE | |
r-patched-linux-x86_64 | 0.1.7 | 4.62 | 43.86 | 48.48 | NOTE | |
r-release-linux-x86_64 | 0.1.7 | 4.08 | 43.74 | 47.82 | NOTE | |
r-release-macos-arm64 | 0.1.7 | 26.00 | NOTE | |||
r-release-macos-x86_64 | 0.1.7 | 38.00 | NOTE | |||
r-release-windows-x86_64 | 0.1.7 | 7.00 | 72.00 | 79.00 | NOTE | |
r-oldrel-macos-arm64 | 0.1.7 | 28.00 | OK | |||
r-oldrel-macos-x86_64 | 0.1.7 | 43.00 | OK | |||
r-oldrel-windows-x86_64 | 0.1.7 | 7.00 | 73.00 | 80.00 | OK |
Version: 0.1.7
Check: Rd files
Result: NOTE
checkRd: (-1) pitch_opta.Rd:51: Lost braces in \itemize; meant \describe ?
checkRd: (-1) pitch_opta.Rd:52: Lost braces in \itemize; meant \describe ?
checkRd: (-1) pitch_opta.Rd:53: Lost braces in \itemize; meant \describe ?
checkRd: (-1) pitch_opta.Rd:54: Lost braces in \itemize; meant \describe ?
checkRd: (-1) pitch_opta.Rd:55: Lost braces in \itemize; meant \describe ?
checkRd: (-1) pitch_opta.Rd:56: Lost braces in \itemize; meant \describe ?
checkRd: (-1) pitch_opta.Rd:57: Lost braces in \itemize; meant \describe ?
checkRd: (-1) pitch_opta.Rd:58: Lost braces in \itemize; meant \describe ?
checkRd: (-1) pitch_opta.Rd:59: Lost braces in \itemize; meant \describe ?
checkRd: (-1) pitch_opta.Rd:60: Lost braces in \itemize; meant \describe ?
checkRd: (-1) pitch_opta.Rd:65: Lost braces in \itemize; meant \describe ?
checkRd: (-1) pitch_opta.Rd:66: Lost braces in \itemize; meant \describe ?
checkRd: (-1) pitch_opta.Rd:67: Lost braces in \itemize; meant \describe ?
checkRd: (-1) pitch_opta.Rd:68: Lost braces in \itemize; meant \describe ?
checkRd: (-1) pitch_opta.Rd:69: Lost braces in \itemize; meant \describe ?
Flavors: r-devel-linux-x86_64-debian-clang, r-devel-linux-x86_64-debian-gcc, r-devel-linux-x86_64-fedora-clang, r-devel-linux-x86_64-fedora-gcc, r-devel-windows-x86_64, r-patched-linux-x86_64, r-release-linux-x86_64, r-release-macos-arm64, r-release-macos-x86_64, r-release-windows-x86_64