Last updated on 2024-06-30 00:59:15 CEST.
Flavor | Version | Tinstall | Tcheck | Ttotal | Status | Flags |
---|---|---|---|---|---|---|
r-devel-linux-x86_64-debian-clang | 0.0.5 | 6.70 | 69.00 | 75.70 | OK | |
r-devel-linux-x86_64-debian-gcc | 0.0.5 | 4.88 | 52.74 | 57.62 | OK | |
r-devel-linux-x86_64-fedora-clang | 0.0.5 | 97.18 | NOTE | |||
r-devel-linux-x86_64-fedora-gcc | 0.0.5 | 100.78 | OK | |||
r-devel-windows-x86_64 | 0.0.5 | 7.00 | 84.00 | 91.00 | OK | |
r-patched-linux-x86_64 | 0.0.5 | 7.91 | 65.40 | 73.31 | OK | |
r-release-linux-x86_64 | 0.0.5 | 6.00 | 64.51 | 70.51 | OK | |
r-release-macos-arm64 | 0.0.5 | 34.00 | OK | |||
r-release-macos-x86_64 | 0.0.5 | 51.00 | OK | |||
r-release-windows-x86_64 | 0.0.5 | 9.00 | 71.00 | 80.00 | OK | |
r-oldrel-macos-arm64 | 0.0.5 | 37.00 | OK | |||
r-oldrel-macos-x86_64 | 0.0.5 | 55.00 | OK | |||
r-oldrel-windows-x86_64 | 0.0.5 | 10.00 | 79.00 | 89.00 | OK |
Version: 0.0.5
Check: Rd cross-references
Result: NOTE
Undeclared package ‘RColorBrewer’ in Rd xrefs
Flavor: r-devel-linux-x86_64-fedora-clang