Last updated on 2024-06-30 00:59:15 CEST.
Flavor | Version | Tinstall | Tcheck | Ttotal | Status | Flags |
---|---|---|---|---|---|---|
r-devel-linux-x86_64-debian-clang | 1.6.5 | 11.31 | 178.31 | 189.62 | NOTE | |
r-devel-linux-x86_64-debian-gcc | 1.6.5 | 6.64 | 132.82 | 139.46 | NOTE | |
r-devel-linux-x86_64-fedora-clang | 1.6.5 | 239.69 | NOTE | |||
r-devel-linux-x86_64-fedora-gcc | 1.6.5 | 231.79 | NOTE | |||
r-devel-windows-x86_64 | 1.6.5 | 11.00 | 150.00 | 161.00 | NOTE | |
r-patched-linux-x86_64 | 1.6.5 | 10.51 | 173.56 | 184.07 | NOTE | |
r-release-linux-x86_64 | 1.6.5 | 6.96 | 173.50 | 180.46 | NOTE | |
r-release-macos-arm64 | 1.6.5 | 72.00 | NOTE | |||
r-release-macos-x86_64 | 1.6.5 | 111.00 | NOTE | |||
r-release-windows-x86_64 | 1.6.5 | 11.00 | 142.00 | 153.00 | NOTE | |
r-oldrel-macos-arm64 | 1.6.5 | 76.00 | NOTE | |||
r-oldrel-macos-x86_64 | 1.6.5 | 128.00 | NOTE | |||
r-oldrel-windows-x86_64 | 1.6.5 | 12.00 | 166.00 | 178.00 | NOTE |
Version: 1.6.5
Check: package subdirectories
Result: NOTE
Problems with news in ‘NEWS.md’:
Cannot extract version info from the following section titles:
* Changes all data options to .data to decrease possibility of column naming overlap
Flavors: r-devel-linux-x86_64-debian-clang, r-devel-linux-x86_64-debian-gcc, r-devel-linux-x86_64-fedora-clang, r-devel-linux-x86_64-fedora-gcc, r-devel-windows-x86_64, r-patched-linux-x86_64, r-release-linux-x86_64, r-release-macos-arm64, r-release-macos-x86_64, r-release-windows-x86_64, r-oldrel-macos-arm64, r-oldrel-macos-x86_64, r-oldrel-windows-x86_64