Last updated on 2024-08-16 12:49:09 CEST.
Flavor | Version | Tinstall | Tcheck | Ttotal | Status | Flags |
---|---|---|---|---|---|---|
r-devel-linux-x86_64-debian-clang | 1.2 | 16.03 | 105.30 | 121.33 | OK | |
r-devel-linux-x86_64-debian-gcc | 1.2 | 11.36 | 74.86 | 86.22 | OK | |
r-devel-linux-x86_64-fedora-clang | 1.2 | 193.69 | NOTE | |||
r-devel-linux-x86_64-fedora-gcc | 1.2 | 175.80 | OK | |||
r-devel-windows-x86_64 | 1.2 | 20.00 | 112.00 | 132.00 | NOTE | |
r-patched-linux-x86_64 | 1.2 | 15.75 | 98.19 | 113.94 | OK | |
r-release-linux-x86_64 | 1.2 | 15.75 | 97.92 | 113.67 | OK | |
r-release-macos-arm64 | 1.2 | 50.00 | NOTE | |||
r-release-macos-x86_64 | 1.2 | 74.00 | NOTE | |||
r-release-windows-x86_64 | 1.2 | 20.00 | 113.00 | 133.00 | NOTE | |
r-oldrel-macos-arm64 | 1.2 | 57.00 | NOTE | |||
r-oldrel-macos-x86_64 | 1.2 | 91.00 | NOTE | |||
r-oldrel-windows-x86_64 | 1.2 | 25.00 | 132.00 | 157.00 | NOTE |
Version: 1.2
Check: installed package size
Result: NOTE
installed size is 9.4Mb
sub-directories of 1Mb or more:
extdata 9.1Mb
Flavors: r-devel-linux-x86_64-fedora-clang, r-devel-windows-x86_64, r-release-macos-arm64, r-release-macos-x86_64, r-release-windows-x86_64, r-oldrel-macos-arm64, r-oldrel-macos-x86_64, r-oldrel-windows-x86_64