Last updated on 2025-05-19 01:49:54 CEST.
Flavor | Version | Tinstall | Tcheck | Ttotal | Status | Flags |
---|---|---|---|---|---|---|
r-devel-linux-x86_64-debian-clang | 0.3.1 | 13.12 | 121.03 | 134.15 | NOTE | |
r-devel-linux-x86_64-debian-gcc | 0.3.1 | 9.24 | 81.22 | 90.46 | NOTE | |
r-devel-linux-x86_64-fedora-clang | 0.3.1 | 203.08 | NOTE | |||
r-devel-linux-x86_64-fedora-gcc | 0.3.1 | 207.51 | NOTE | |||
r-devel-windows-x86_64 | 0.3.1 | 15.00 | 135.00 | 150.00 | NOTE | |
r-patched-linux-x86_64 | 0.3.1 | 11.09 | 110.51 | 121.60 | NOTE | |
r-release-linux-x86_64 | 0.3.1 | 11.49 | 110.40 | 121.89 | NOTE | |
r-release-macos-arm64 | 0.3.1 | 64.00 | OK | |||
r-release-macos-x86_64 | 0.3.1 | 117.00 | OK | |||
r-release-windows-x86_64 | 0.3.1 | 15.00 | 124.00 | 139.00 | NOTE | |
r-oldrel-macos-arm64 | 0.3.1 | 63.00 | OK | |||
r-oldrel-macos-x86_64 | 0.3.1 | 93.00 | OK | |||
r-oldrel-windows-x86_64 | 0.3.1 | 18.00 | 157.00 | 175.00 | OK |
Version: 0.3.1
Check: Rd cross-references
Result: NOTE
Found the following Rd file(s) with Rd \link{} targets missing package
anchors:
stat_km.Rd: trans_new
stat_kmticks.Rd: trans_new, plot.survfit
Please provide package anchors for all Rd \link{} targets not in the
package itself and the base packages.
Flavors: r-devel-linux-x86_64-debian-clang, r-devel-linux-x86_64-debian-gcc, r-devel-windows-x86_64, r-patched-linux-x86_64, r-release-linux-x86_64, r-release-windows-x86_64
Version: 0.3.1
Check: dependencies in R code
Result: NOTE
Namespaces in Imports field not imported from:
‘DT’ ‘Formula’ ‘GGally’ ‘Hmisc’ ‘RPostgres’ ‘colourpicker’ ‘ggpmisc’
‘ggpubr’ ‘glue’ ‘gridExtra’ ‘markdown’ ‘patchwork’ ‘plotly’
‘quantreg’ ‘shinyFiles’ ‘shinyjqui’ ‘shinyjs’ ‘table1’ ‘zoo’
All declared Imports should be used.
Flavors: r-devel-linux-x86_64-fedora-clang, r-devel-linux-x86_64-fedora-gcc