Last updated on 2024-08-16 12:49:09 CEST.
Flavor | Version | Tinstall | Tcheck | Ttotal | Status | Flags |
---|---|---|---|---|---|---|
r-devel-linux-x86_64-debian-clang | 0.6.0 | 13.91 | 230.54 | 244.45 | NOTE | |
r-devel-linux-x86_64-debian-gcc | 0.6.0 | 8.69 | 157.36 | 166.05 | NOTE | |
r-devel-linux-x86_64-fedora-clang | 0.6.0 | 385.21 | NOTE | |||
r-devel-linux-x86_64-fedora-gcc | 0.6.0 | 363.01 | OK | |||
r-devel-windows-x86_64 | 0.6.0 | 16.00 | 234.00 | 250.00 | NOTE | |
r-patched-linux-x86_64 | 0.6.0 | 22.11 | 215.13 | 237.24 | OK | |
r-release-linux-x86_64 | 0.6.0 | 13.38 | 217.02 | 230.40 | OK | |
r-release-macos-arm64 | 0.6.0 | 93.00 | OK | |||
r-release-macos-x86_64 | 0.6.0 | 145.00 | OK | |||
r-release-windows-x86_64 | 0.6.0 | 20.00 | 248.00 | 268.00 | OK | |
r-oldrel-macos-arm64 | 0.6.0 | 119.00 | OK | |||
r-oldrel-macos-x86_64 | 0.6.0 | 194.00 | OK | |||
r-oldrel-windows-x86_64 | 0.6.0 | 22.00 | 301.00 | 323.00 | OK |
Version: 0.6.0
Check: Rd cross-references
Result: NOTE
Found the following Rd file(s) with Rd \link{} targets missing package
anchors:
geom_bracket.Rd: layer
geom_pwc.Rd: layer
Please provide package anchors for all Rd \link{} targets not in the
package itself and the base packages.
Flavors: r-devel-linux-x86_64-debian-clang, r-devel-linux-x86_64-debian-gcc, r-devel-windows-x86_64
Version: 0.6.0
Check: Rd cross-references
Result: NOTE
Undeclared package ‘car’ in Rd xrefs
Flavor: r-devel-linux-x86_64-fedora-clang