CRAN Package Check Results for Package ggpol

Last updated on 2025-07-21 01:49:05 CEST.

Flavor Version Tinstall Tcheck Ttotal Status Flags
r-devel-linux-x86_64-debian-clang 0.0.7 7.91 54.72 62.63 OK
r-devel-linux-x86_64-debian-gcc 0.0.7 6.02 38.11 44.13 OK
r-devel-linux-x86_64-fedora-clang 0.0.7 91.21 NOTE
r-devel-linux-x86_64-fedora-gcc 0.0.7 83.55 NOTE
r-devel-windows-x86_64 0.0.7 10.00 65.00 75.00 OK
r-patched-linux-x86_64 0.0.7 8.75 48.49 57.24 OK
r-release-linux-x86_64 0.0.7 7.53 48.54 56.07 OK
r-release-macos-arm64 0.0.7 31.00 OK
r-release-macos-x86_64 0.0.7 47.00 OK
r-release-windows-x86_64 0.0.7 10.00 65.00 75.00 OK
r-oldrel-macos-arm64 0.0.7 28.00 NOTE
r-oldrel-macos-x86_64 0.0.7 40.00 NOTE
r-oldrel-windows-x86_64 0.0.7 13.00 81.00 94.00 NOTE

Check Details

Version: 0.0.7
Check: dependencies in R code
Result: NOTE Namespaces in Imports field not imported from: ‘dplyr’ ‘grDevices’ All declared Imports should be used. Flavors: r-devel-linux-x86_64-fedora-clang, r-devel-linux-x86_64-fedora-gcc

Version: 0.0.7
Check: LazyData
Result: NOTE 'LazyData' is specified without a 'data' directory Flavors: r-oldrel-macos-arm64, r-oldrel-macos-x86_64, r-oldrel-windows-x86_64