Last updated on 2025-05-19 01:49:54 CEST.
Flavor | Version | Tinstall | Tcheck | Ttotal | Status | Flags |
---|---|---|---|---|---|---|
r-devel-linux-x86_64-debian-clang | 1.0.0 | 11.46 | 217.64 | 229.10 | NOTE | |
r-devel-linux-x86_64-debian-gcc | 1.0.0 | 7.95 | 142.87 | 150.82 | NOTE | |
r-devel-linux-x86_64-fedora-clang | 1.0.0 | 353.13 | NOTE | |||
r-devel-linux-x86_64-fedora-gcc | 1.0.0 | 351.40 | NOTE | |||
r-devel-windows-x86_64 | 1.0.0 | 13.00 | 195.00 | 208.00 | NOTE | |
r-patched-linux-x86_64 | 1.0.0 | 10.09 | 201.61 | 211.70 | NOTE | |
r-release-linux-x86_64 | 1.0.0 | 8.69 | 202.04 | 210.73 | NOTE | |
r-release-macos-arm64 | 1.0.0 | 98.00 | OK | |||
r-release-macos-x86_64 | 1.0.0 | 184.00 | OK | |||
r-release-windows-x86_64 | 1.0.0 | 12.00 | 185.00 | 197.00 | NOTE | |
r-oldrel-macos-arm64 | 1.0.0 | 84.00 | NOTE | |||
r-oldrel-macos-x86_64 | 1.0.0 | 139.00 | NOTE | |||
r-oldrel-windows-x86_64 | 1.0.0 | 16.00 | 263.00 | 279.00 | NOTE |
Version: 1.0.0
Check: Rd cross-references
Result: NOTE
Found the following Rd file(s) with Rd \link{} targets missing package
anchors:
geom_edge.Rd: layer, geom_segment
geom_edge_label.Rd: geom_label
geom_node_label.Rd: ggplot, fortify, borders
geom_node_plot.Rd: facet_wrap
ggparty.Rd: ggplot
Please provide package anchors for all Rd \link{} targets not in the
package itself and the base packages.
Flavors: r-devel-linux-x86_64-debian-clang, r-devel-linux-x86_64-debian-gcc, r-devel-windows-x86_64, r-patched-linux-x86_64, r-release-linux-x86_64, r-release-windows-x86_64
Version: 1.0.0
Check: dependencies in R code
Result: NOTE
Namespace in Imports field not imported from: ‘survival’
All declared Imports should be used.
Flavors: r-devel-linux-x86_64-fedora-clang, r-devel-linux-x86_64-fedora-gcc
Version: 1.0.0
Check: LazyData
Result: NOTE
'LazyData' is specified without a 'data' directory
Flavors: r-oldrel-macos-arm64, r-oldrel-macos-x86_64, r-oldrel-windows-x86_64