Last updated on 2024-07-13 12:48:15 CEST.
Flavor | Version | Tinstall | Tcheck | Ttotal | Status | Flags |
---|---|---|---|---|---|---|
r-devel-linux-x86_64-debian-clang | 1.5.1 | 11.07 | 72.66 | 83.73 | OK | |
r-devel-linux-x86_64-debian-gcc | 1.5.1 | 10.09 | 42.87 | 52.96 | OK | |
r-devel-linux-x86_64-fedora-clang | 1.5.1 | 103.77 | NOTE | |||
r-devel-linux-x86_64-fedora-gcc | 1.5.1 | 100.18 | OK | |||
r-devel-windows-x86_64 | 1.5.1 | 13.00 | 83.00 | 96.00 | OK | |
r-patched-linux-x86_64 | 1.5.1 | 12.71 | 56.02 | 68.73 | OK | |
r-release-linux-x86_64 | 1.5.1 | 12.38 | 54.38 | 66.76 | OK | |
r-release-macos-arm64 | 1.5.1 | 40.00 | OK | |||
r-release-macos-x86_64 | 1.5.1 | 54.00 | OK | |||
r-release-windows-x86_64 | 1.5.1 | 14.00 | 81.00 | 95.00 | OK | |
r-oldrel-macos-arm64 | 1.5.1 | 72.00 | OK | |||
r-oldrel-macos-x86_64 | 1.5.1 | 129.00 | OK | |||
r-oldrel-windows-x86_64 | 1.5.1 | 14.00 | 93.00 | 107.00 | OK |
Version: 1.5.1
Check: installed package size
Result: NOTE
installed size is 5.4Mb
sub-directories of 1Mb or more:
libs 5.0Mb
Flavor: r-devel-linux-x86_64-fedora-clang