CRAN Package Check Results for Package ggbeeswarm

Last updated on 2025-07-18 01:49:15 CEST.

Flavor Version Tinstall Tcheck Ttotal Status Flags
r-devel-linux-x86_64-debian-clang 0.7.2 4.60 62.28 66.88 NOTE
r-devel-linux-x86_64-debian-gcc 0.7.2 3.51 45.16 48.67 NOTE
r-devel-linux-x86_64-fedora-clang 0.7.2 101.45 OK
r-devel-linux-x86_64-fedora-gcc 0.7.2 102.85 OK
r-devel-windows-x86_64 0.7.2 8.00 83.00 91.00 NOTE
r-patched-linux-x86_64 0.7.2 5.47 58.47 63.94 NOTE
r-release-linux-x86_64 0.7.2 4.82 57.97 62.79 NOTE
r-release-macos-arm64 0.7.2 49.00 OK
r-release-macos-x86_64 0.7.2 68.00 OK
r-release-windows-x86_64 0.7.2 7.00 86.00 93.00 NOTE
r-oldrel-macos-arm64 0.7.2 42.00 OK
r-oldrel-macos-x86_64 0.7.2 56.00 OK
r-oldrel-windows-x86_64 0.7.2 8.00 104.00 112.00 OK

Check Details

Version: 0.7.2
Check: Rd cross-references
Result: NOTE Found the following Rd file(s) with Rd \link{} targets missing package anchors: geom_quasirandom.Rd: geom_boxplot Please provide package anchors for all Rd \link{} targets not in the package itself and the base packages. Flavors: r-devel-linux-x86_64-debian-clang, r-devel-linux-x86_64-debian-gcc, r-devel-windows-x86_64, r-patched-linux-x86_64, r-release-linux-x86_64, r-release-windows-x86_64