Last updated on 2024-08-16 12:49:09 CEST.
Flavor | Version | Tinstall | Tcheck | Ttotal | Status | Flags |
---|---|---|---|---|---|---|
r-devel-linux-x86_64-debian-clang | 0.3.2 | 6.95 | 95.36 | 102.31 | NOTE | |
r-devel-linux-x86_64-debian-gcc | 0.3.2 | 5.05 | 69.14 | 74.19 | NOTE | |
r-devel-linux-x86_64-fedora-clang | 0.3.2 | 158.49 | OK | |||
r-devel-linux-x86_64-fedora-gcc | 0.3.2 | 159.45 | OK | |||
r-devel-windows-x86_64 | 0.3.2 | 10.00 | 105.00 | 115.00 | NOTE | |
r-patched-linux-x86_64 | 0.3.2 | 11.40 | 88.19 | 99.59 | OK | |
r-release-linux-x86_64 | 0.3.2 | 6.96 | 90.77 | 97.73 | OK | |
r-release-macos-arm64 | 0.3.2 | 51.00 | OK | |||
r-release-macos-x86_64 | 0.3.2 | 83.00 | OK | |||
r-release-windows-x86_64 | 0.3.2 | 10.00 | 127.00 | 137.00 | OK | |
r-oldrel-macos-arm64 | 0.3.2 | 55.00 | OK | |||
r-oldrel-macos-x86_64 | 0.3.2 | 106.00 | OK | |||
r-oldrel-windows-x86_64 | 0.3.2 | 11.00 | 128.00 | 139.00 | OK |
Version: 0.3.2
Check: Rd cross-references
Result: NOTE
Found the following Rd file(s) with Rd \link{} targets missing package
anchors:
stat_automap.Rd: cartographer
stat_automap_coords.Rd: cartographer
Please provide package anchors for all Rd \link{} targets not in the
package itself and the base packages.
Flavors: r-devel-linux-x86_64-debian-clang, r-devel-linux-x86_64-debian-gcc, r-devel-windows-x86_64