Last updated on 2025-05-19 01:49:54 CEST.
Flavor | Version | Tinstall | Tcheck | Ttotal | Status | Flags |
---|---|---|---|---|---|---|
r-devel-linux-x86_64-debian-clang | 0.3.2 | 8.56 | 106.92 | 115.48 | NOTE | |
r-devel-linux-x86_64-debian-gcc | 0.3.2 | 5.74 | 76.49 | 82.23 | NOTE | |
r-devel-linux-x86_64-fedora-clang | 0.3.2 | 175.80 | OK | |||
r-devel-linux-x86_64-fedora-gcc | 0.3.2 | 196.42 | OK | |||
r-devel-windows-x86_64 | 0.3.2 | 9.00 | 120.00 | 129.00 | NOTE | |
r-patched-linux-x86_64 | 0.3.2 | 7.99 | 99.48 | 107.47 | NOTE | |
r-release-linux-x86_64 | 0.3.2 | 7.27 | 100.53 | 107.80 | NOTE | |
r-release-macos-arm64 | 0.3.2 | 64.00 | OK | |||
r-release-macos-x86_64 | 0.3.2 | 98.00 | OK | |||
r-release-windows-x86_64 | 0.3.2 | 11.00 | 120.00 | 131.00 | NOTE | |
r-oldrel-macos-arm64 | 0.3.2 | 51.00 | OK | |||
r-oldrel-macos-x86_64 | 0.3.2 | 83.00 | OK | |||
r-oldrel-windows-x86_64 | 0.3.2 | 13.00 | 139.00 | 152.00 | OK |
Version: 0.3.2
Check: Rd cross-references
Result: NOTE
Found the following Rd file(s) with Rd \link{} targets missing package
anchors:
stat_automap.Rd: cartographer
stat_automap_coords.Rd: cartographer
Please provide package anchors for all Rd \link{} targets not in the
package itself and the base packages.
Flavors: r-devel-linux-x86_64-debian-clang, r-devel-linux-x86_64-debian-gcc, r-devel-windows-x86_64, r-patched-linux-x86_64, r-release-linux-x86_64, r-release-windows-x86_64