Last updated on 2025-02-22 00:49:46 CET.
Flavor | Version | Tinstall | Tcheck | Ttotal | Status | Flags |
---|---|---|---|---|---|---|
r-devel-linux-x86_64-debian-clang | 0.1 | 18.41 | 141.40 | 159.81 | OK | |
r-devel-linux-x86_64-debian-gcc | 0.1 | 11.46 | 97.20 | 108.66 | OK | |
r-devel-linux-x86_64-fedora-clang | 0.1 | 246.66 | OK | |||
r-devel-linux-x86_64-fedora-gcc | 0.1 | 235.53 | OK | |||
r-devel-macos-arm64 | 0.1 | 5.00 | ERROR | |||
r-devel-macos-x86_64 | 0.1 | 6.00 | ERROR | |||
r-devel-windows-x86_64 | 0.1 | 18.00 | 126.00 | 144.00 | OK | |
r-patched-linux-x86_64 | 0.1 | 17.14 | 127.12 | 144.26 | OK | |
r-release-linux-x86_64 | 0.1 | 15.90 | 127.43 | 143.33 | OK | |
r-release-macos-arm64 | 0.1 | 69.00 | OK | |||
r-release-macos-x86_64 | 0.1 | 101.00 | OK | |||
r-release-windows-x86_64 | 0.1 | 18.00 | 125.00 | 143.00 | OK | |
r-oldrel-macos-arm64 | 0.1 | 15.00 | ERROR | |||
r-oldrel-macos-x86_64 | 0.1 | 10.00 | ERROR | |||
r-oldrel-windows-x86_64 | 0.1 | 23.00 | 153.00 | 176.00 | OK |
Version: 0.1
Check: package dependencies
Result: ERROR
Package required but not available: ‘ggmsa’
See section ‘The DESCRIPTION file’ in the ‘Writing R Extensions’
manual.
Flavors: r-devel-macos-arm64, r-devel-macos-x86_64, r-oldrel-macos-arm64, r-oldrel-macos-x86_64