Last updated on 2024-08-16 12:49:09 CEST.
Flavor | Version | Tinstall | Tcheck | Ttotal | Status | Flags |
---|---|---|---|---|---|---|
r-devel-linux-x86_64-debian-clang | 1.1.2 | 17.52 | 46.49 | 64.01 | OK | |
r-devel-linux-x86_64-debian-gcc | 1.1.2 | 12.28 | 33.86 | 46.14 | OK | |
r-devel-linux-x86_64-fedora-clang | 1.1.2 | 114.09 | OK | |||
r-devel-linux-x86_64-fedora-gcc | 1.1.2 | 134.94 | OK | |||
r-devel-windows-x86_64 | 1.1.2 | 25.00 | 92.00 | 117.00 | OK | |
r-patched-linux-x86_64 | 1.1.2 | 18.38 | 43.32 | 61.70 | OK | |
r-release-linux-x86_64 | 1.1.2 | 17.44 | 44.10 | 61.54 | OK | |
r-release-macos-arm64 | 1.1.2 | 48.00 | OK | |||
r-release-macos-x86_64 | 1.1.2 | 69.00 | OK | |||
r-release-windows-x86_64 | 1.1.2 | 25.00 | 97.00 | 122.00 | OK | |
r-oldrel-macos-arm64 | 1.1.2 | 43.00 | NOTE | |||
r-oldrel-macos-x86_64 | 1.1.2 | 73.00 | OK | |||
r-oldrel-windows-x86_64 | 1.1.2 | 28.00 | 103.00 | 131.00 | OK |
Version: 1.1.2
Check: package dependencies
Result: NOTE
Package suggested but not available for checking: ‘snpStats’
Flavor: r-oldrel-macos-arm64