Last updated on 2024-08-16 12:49:09 CEST.
Flavor | Version | Tinstall | Tcheck | Ttotal | Status | Flags |
---|---|---|---|---|---|---|
r-devel-linux-x86_64-debian-clang | 0.38.2 | 9.68 | 113.67 | 123.35 | NOTE | |
r-devel-linux-x86_64-debian-gcc | 0.38.2 | 7.20 | 92.06 | 99.26 | NOTE | |
r-devel-linux-x86_64-fedora-clang | 0.38.2 | 189.80 | OK | |||
r-devel-linux-x86_64-fedora-gcc | 0.38.2 | 194.58 | OK | |||
r-devel-windows-x86_64 | 0.38.2 | 12.00 | 121.00 | 133.00 | NOTE | |
r-patched-linux-x86_64 | 0.38.2 | 15.62 | 108.48 | 124.10 | OK | |
r-release-linux-x86_64 | 0.38.2 | 8.69 | 108.94 | 117.63 | OK | |
r-release-macos-arm64 | 0.38.2 | 64.00 | OK | |||
r-release-macos-x86_64 | 0.38.2 | 89.00 | OK | |||
r-release-windows-x86_64 | 0.38.2 | 12.00 | 120.00 | 132.00 | OK | |
r-oldrel-macos-arm64 | 0.38.2 | 68.00 | OK | |||
r-oldrel-macos-x86_64 | 0.38.2 | 80.00 | OK | |||
r-oldrel-windows-x86_64 | 0.38.2 | 15.00 | 151.00 | 166.00 | OK |
Version: 0.38.2
Check: Rd cross-references
Result: NOTE
Found the following Rd file(s) with Rd \link{} targets missing package
anchors:
geneSLOPE.Rd: SLOPE, bigmemory
selectionResult.Rd: SLOPE
Please provide package anchors for all Rd \link{} targets not in the
package itself and the base packages.
Flavors: r-devel-linux-x86_64-debian-clang, r-devel-linux-x86_64-debian-gcc, r-devel-windows-x86_64