Last updated on 2024-08-16 12:49:09 CEST.
Flavor | Version | Tinstall | Tcheck | Ttotal | Status | Flags |
---|---|---|---|---|---|---|
r-devel-linux-x86_64-debian-clang | 0.6.0 | 3.39 | 40.20 | 43.59 | NOTE | |
r-devel-linux-x86_64-debian-gcc | 0.6.0 | 2.75 | 29.76 | 32.51 | NOTE | |
r-devel-linux-x86_64-fedora-clang | 0.6.0 | 74.33 | NOTE | |||
r-devel-linux-x86_64-fedora-gcc | 0.6.0 | 82.06 | NOTE | |||
r-devel-windows-x86_64 | 0.6.0 | 6.00 | 58.00 | 64.00 | NOTE | |
r-patched-linux-x86_64 | 0.6.0 | 3.90 | 38.01 | 41.91 | NOTE | |
r-release-linux-x86_64 | 0.6.0 | 3.72 | 38.56 | 42.28 | NOTE | |
r-release-macos-arm64 | 0.6.0 | 32.00 | NOTE | |||
r-release-macos-x86_64 | 0.6.0 | 45.00 | NOTE | |||
r-release-windows-x86_64 | 0.6.0 | 6.00 | 64.00 | 70.00 | NOTE | |
r-oldrel-macos-arm64 | 0.6.0 | 31.00 | NOTE | |||
r-oldrel-macos-x86_64 | 0.6.0 | 44.00 | NOTE | |||
r-oldrel-windows-x86_64 | 0.6.0 | 7.00 | 64.00 | 71.00 | NOTE |
Version: 0.6.0
Check: package dependencies
Result: NOTE
Package suggested but not available for checking: ‘genderdata’
Flavors: r-devel-linux-x86_64-debian-clang, r-devel-linux-x86_64-debian-gcc, r-devel-linux-x86_64-fedora-clang, r-devel-linux-x86_64-fedora-gcc, r-devel-windows-x86_64, r-patched-linux-x86_64, r-release-linux-x86_64, r-release-macos-arm64, r-release-macos-x86_64, r-release-windows-x86_64, r-oldrel-macos-arm64, r-oldrel-macos-x86_64, r-oldrel-windows-x86_64