Last updated on 2025-04-29 01:49:33 CEST.
Flavor | Version | Tinstall | Tcheck | Ttotal | Status | Flags |
---|---|---|---|---|---|---|
r-devel-linux-x86_64-debian-clang | 1.1.1 | 5.02 | 46.94 | 51.96 | OK | |
r-devel-linux-x86_64-debian-gcc | 1.1.1 | 3.73 | 34.84 | 38.57 | NOTE | |
r-devel-linux-x86_64-fedora-clang | 1.1.1 | 82.40 | OK | |||
r-devel-linux-x86_64-fedora-gcc | 1.1.1 | 88.91 | OK | |||
r-devel-windows-x86_64 | 1.1.1 | 7.00 | 84.00 | 91.00 | OK | |
r-patched-linux-x86_64 | 1.1.1 | 4.60 | 44.72 | 49.32 | OK | |
r-release-linux-x86_64 | 1.1.1 | 4.16 | 45.91 | 50.07 | OK | |
r-release-macos-arm64 | 1.1.1 | 53.00 | OK | |||
r-release-macos-x86_64 | 1.1.1 | 72.00 | OK | |||
r-release-windows-x86_64 | 1.1.1 | 7.00 | 87.00 | 94.00 | OK | |
r-oldrel-macos-arm64 | 1.1.1 | 33.00 | OK | |||
r-oldrel-macos-x86_64 | 1.1.1 | 49.00 | OK | |||
r-oldrel-windows-x86_64 | 1.1.1 | 8.00 | 92.00 | 100.00 | OK |
Version: 1.1.1
Check: CRAN incoming feasibility
Result: NOTE
Maintainer: ‘Luisa Salazar Vizcaya <luisapaola.salazarvizcaya@insel.ch>’
No Authors@R field in DESCRIPTION.
Please add one, modifying
Authors@R: c(person(given = c("Luisa", "Salazar"),
family = "Vizcaya",
role = c("aut", "cre"),
email = "luisapaola.salazarvizcaya@insel.ch"),
person(given = "Nello",
family = "Blaser",
role = "aut"),
person(given = "Thomas",
family = "Gsponer",
role = "aut"))
as necessary.
Package CITATION file contains call(s) to old-style personList() or
as.personList(). Please use c() on person objects instead.
Package CITATION file contains call(s) to old-style citEntry(). Please
use bibentry() instead.
Flavor: r-devel-linux-x86_64-debian-gcc