CRAN Package Check Results for Package gcmr

Last updated on 2025-04-29 01:49:33 CEST.

Flavor Version Tinstall Tcheck Ttotal Status Flags
r-devel-linux-x86_64-debian-clang 1.0.3 7.32 61.58 68.90 NOTE
r-devel-linux-x86_64-debian-gcc 1.0.3 5.36 47.86 53.22 NOTE
r-devel-linux-x86_64-fedora-clang 1.0.3 116.55 NOTE
r-devel-linux-x86_64-fedora-gcc 1.0.3 105.51 NOTE
r-devel-windows-x86_64 1.0.3 11.00 82.00 93.00 NOTE
r-patched-linux-x86_64 1.0.3 7.13 59.71 66.84 NOTE
r-release-linux-x86_64 1.0.3 6.96 61.36 68.32 NOTE
r-release-macos-arm64 1.0.3 32.00 NOTE
r-release-macos-x86_64 1.0.3 62.00 NOTE
r-release-windows-x86_64 1.0.3 11.00 79.00 90.00 NOTE
r-oldrel-macos-arm64 1.0.3 35.00 NOTE
r-oldrel-macos-x86_64 1.0.3 49.00 NOTE
r-oldrel-windows-x86_64 1.0.3 15.00 97.00 112.00 NOTE

Check Details

Version: 1.0.3
Check: Rd files
Result: NOTE checkRd: (-1) matern.cormat.Rd:17: Lost braces; missing escapes or markup? 17 | value of the shape parameter of the Matern correlation class. The default {alpha = 0.5} corresponds to an exponential correlation model. | ^ Flavors: r-devel-linux-x86_64-debian-clang, r-devel-linux-x86_64-debian-gcc, r-devel-linux-x86_64-fedora-clang, r-devel-linux-x86_64-fedora-gcc, r-devel-windows-x86_64, r-patched-linux-x86_64, r-release-linux-x86_64, r-release-macos-arm64, r-release-macos-x86_64, r-release-windows-x86_64, r-oldrel-macos-arm64, r-oldrel-macos-x86_64, r-oldrel-windows-x86_64

Version: 1.0.3
Check: Rd cross-references
Result: NOTE Found the following Rd file(s) with Rd \link{} targets missing package anchors: cluster.cormat.Rd: nlme gcmr.Rd: betareg, Formula gs.marg.Rd: betareg plot.gcmr.Rd: qqPlot summary.gcmr.Rd: bread, estfun, sandwich Please provide package anchors for all Rd \link{} targets not in the package itself and the base packages. Flavors: r-devel-linux-x86_64-debian-clang, r-devel-linux-x86_64-debian-gcc, r-devel-windows-x86_64, r-patched-linux-x86_64, r-release-linux-x86_64, r-release-windows-x86_64

Version: 1.0.3
Check: CRAN incoming feasibility
Result: NOTE Maintainer: ‘Cristiano Varin <cristiano.varin@unive.it>’ No Authors@R field in DESCRIPTION. Please add one, modifying Authors@R: c(person(given = "Guido", family = "Masarotto", role = "aut"), person(given = "Cristiano", family = "Varin", role = c("aut", "cre"), email = "cristiano.varin@unive.it")) as necessary. Flavor: r-devel-linux-x86_64-debian-gcc