Last updated on 2025-05-19 01:49:54 CEST.
Flavor | Version | Tinstall | Tcheck | Ttotal | Status | Flags |
---|---|---|---|---|---|---|
r-devel-linux-x86_64-debian-clang | 2024.10.01 | 44.24 | 314.11 | 358.35 | NOTE | |
r-devel-linux-x86_64-debian-gcc | 2024.10.01 | 28.75 | 220.60 | 249.35 | NOTE | |
r-devel-linux-x86_64-fedora-clang | 2024.10.01 | 608.47 | NOTE | |||
r-devel-linux-x86_64-fedora-gcc | 2024.10.01 | 565.91 | NOTE | |||
r-devel-windows-x86_64 | 2024.10.01 | 41.00 | 275.00 | 316.00 | NOTE | |
r-patched-linux-x86_64 | 2024.10.01 | 39.53 | 312.35 | 351.88 | NOTE | |
r-release-linux-x86_64 | 2024.10.01 | 45.51 | 310.27 | 355.78 | NOTE | |
r-release-macos-arm64 | 2024.10.01 | 129.00 | NOTE | |||
r-release-macos-x86_64 | 2024.10.01 | 434.00 | NOTE | |||
r-release-windows-x86_64 | 2024.10.01 | 43.00 | 269.00 | 312.00 | NOTE | |
r-oldrel-macos-arm64 | 2024.10.01 | 127.00 | OK | |||
r-oldrel-macos-x86_64 | 2024.10.01 | 183.00 | OK | |||
r-oldrel-windows-x86_64 | 2024.10.01 | 58.00 | 352.00 | 410.00 | OK |
Version: 2024.10.01
Check: DESCRIPTION meta-information
Result: NOTE
Missing dependency on R >= 4.1.0 because package code uses the pipe
|> or function shorthand \(...) syntax added in R 4.1.0.
File(s) using such syntax:
‘gbm.factorplot.R’ ‘gbm.mapsf.R’
Flavors: r-devel-linux-x86_64-debian-clang, r-devel-linux-x86_64-debian-gcc, r-devel-linux-x86_64-fedora-clang, r-devel-linux-x86_64-fedora-gcc, r-devel-windows-x86_64, r-patched-linux-x86_64, r-release-linux-x86_64, r-release-macos-arm64, r-release-macos-x86_64, r-release-windows-x86_64