Last updated on 2025-07-20 12:49:25 CEST.
Flavor | Version | Tinstall | Tcheck | Ttotal | Status | Flags |
---|---|---|---|---|---|---|
r-devel-linux-x86_64-debian-clang | 0.1.15 | 38.62 | 306.67 | 345.29 | NOTE | |
r-devel-linux-x86_64-debian-gcc | 0.1.15 | 26.51 | 242.01 | 268.52 | NOTE | |
r-devel-linux-x86_64-fedora-clang | 0.1.15 | 659.78 | OK | |||
r-devel-linux-x86_64-fedora-gcc | 0.1.15 | 667.43 | OK | |||
r-devel-windows-x86_64 | 0.1.15 | 28.00 | 269.00 | 297.00 | NOTE | |
r-patched-linux-x86_64 | 0.1.15 | 43.76 | 371.63 | 415.39 | NOTE | |
r-release-linux-x86_64 | 0.1.15 | 40.16 | 373.02 | 413.18 | NOTE | |
r-release-macos-arm64 | 0.1.15 | 292.00 | OK | |||
r-release-macos-x86_64 | 0.1.15 | 476.00 | OK | |||
r-release-windows-x86_64 | 0.1.15 | 28.00 | 254.00 | 282.00 | NOTE | |
r-oldrel-macos-arm64 | 0.1.15 | 276.00 | OK | |||
r-oldrel-macos-x86_64 | 0.1.15 | 271.00 | OK | |||
r-oldrel-windows-x86_64 | 0.1.15 | 41.00 | 333.00 | 374.00 | OK |
Version: 0.1.15
Check: Rd cross-references
Result: NOTE
Found the following Rd file(s) with Rd \link{} targets missing package
anchors:
gateR-package.Rd: sparr, spatstat.geom, terra
Please provide package anchors for all Rd \link{} targets not in the
package itself and the base packages.
Flavors: r-devel-linux-x86_64-debian-clang, r-devel-linux-x86_64-debian-gcc, r-devel-windows-x86_64, r-patched-linux-x86_64, r-release-linux-x86_64, r-release-windows-x86_64