Last updated on 2025-04-29 01:49:33 CEST.
Flavor | Version | Tinstall | Tcheck | Ttotal | Status | Flags |
---|---|---|---|---|---|---|
r-devel-linux-x86_64-debian-clang | 4.3-3 | 11.68 | 76.70 | 88.38 | OK | |
r-devel-linux-x86_64-debian-gcc | 4.3-3 | 9.97 | 57.45 | 67.42 | NOTE | |
r-devel-linux-x86_64-fedora-clang | 4.3-3 | 146.50 | OK | |||
r-devel-linux-x86_64-fedora-gcc | 4.3-3 | 133.34 | OK | |||
r-devel-windows-x86_64 | 4.3-3 | 11.00 | 80.00 | 91.00 | OK | |
r-patched-linux-x86_64 | 4.3-3 | 12.47 | 73.13 | 85.60 | OK | |
r-release-linux-x86_64 | 4.3-3 | 11.63 | 72.71 | 84.34 | OK | |
r-release-macos-arm64 | 4.3-3 | 91.00 | OK | |||
r-release-macos-x86_64 | 4.3-3 | 88.00 | OK | |||
r-release-windows-x86_64 | 4.3-3 | 11.00 | 86.00 | 97.00 | OK | |
r-oldrel-macos-arm64 | 4.3-3 | 68.00 | OK | |||
r-oldrel-macos-x86_64 | 4.3-3 | 63.00 | OK | |||
r-oldrel-windows-x86_64 | 4.3-3 | 14.00 | 97.00 | 111.00 | OK |
Version: 4.3-3
Check: CRAN incoming feasibility
Result: NOTE
Maintainer: ‘Mikis Stasinopoulos <d.stasinopoulos@londonmet.ac.uk>’
No Authors@R field in DESCRIPTION.
Please add one, modifying
Authors@R: c(person(given = "Mikis",
family = "Stasinopoulos",
role = c("aut", "cre"),
email = "d.stasinopoulos@londonmet.ac.uk"),
person(given = "Bob",
family = "Rigby",
role = "aut",
email = "r.rigby@londonmet.ac.uk"),
person(given = "Paul",
family = "Eilers",
role = "aut",
email = "p.eilers@erasmusmc.nl"),
person(given = c("Brian", "Marx"),
family = "\\email{bmarx@LSU.EDU}",
role = "aut"),
person(given = c("Konstantinos", "Pateras", "with", "contributions", "from", "Larisa"),
family = "Kosidou.",
role = "aut",
email = "kostas.pateras@gmail.com"))
as necessary.
Flavor: r-devel-linux-x86_64-debian-gcc