Last updated on 2025-04-29 01:49:35 CEST.
Flavor | Version | Tinstall | Tcheck | Ttotal | Status | Flags |
---|---|---|---|---|---|---|
r-devel-linux-x86_64-debian-clang | 0.1.1 | 6.35 | 53.44 | 59.79 | OK | |
r-devel-linux-x86_64-debian-gcc | 0.1.1 | 4.93 | 39.40 | 44.33 | NOTE | |
r-devel-linux-x86_64-fedora-clang | 0.1.1 | 100.24 | OK | |||
r-devel-linux-x86_64-fedora-gcc | 0.1.1 | 92.11 | OK | |||
r-devel-windows-x86_64 | 0.1.1 | 7.00 | 65.00 | 72.00 | OK | |
r-patched-linux-x86_64 | 0.1.1 | 6.27 | 52.02 | 58.29 | OK | |
r-release-linux-x86_64 | 0.1.1 | 6.20 | 51.53 | 57.73 | OK | |
r-release-macos-arm64 | 0.1.1 | 38.00 | OK | |||
r-release-macos-x86_64 | 0.1.1 | 53.00 | OK | |||
r-release-windows-x86_64 | 0.1.1 | 6.00 | 67.00 | 73.00 | OK | |
r-oldrel-macos-arm64 | 0.1.1 | 29.00 | OK | |||
r-oldrel-macos-x86_64 | 0.1.1 | 42.00 | OK | |||
r-oldrel-windows-x86_64 | 0.1.1 | 9.00 | 77.00 | 86.00 | OK |
Version: 0.1.1
Check: CRAN incoming feasibility
Result: NOTE
Maintainer: ‘Hoseung Song <hosong@ucdavis.edu>’
The Description field contains
data. Song, H. and Chen, H. (2022) <arXiv:2205.13787>.
Please refer to arXiv e-prints via their arXiv DOI <doi:10.48550/arXiv.YYMM.NNNNN>.
Flavor: r-devel-linux-x86_64-debian-gcc