Last updated on 2025-02-22 00:49:46 CET.
Flavor | Version | Tinstall | Tcheck | Ttotal | Status | Flags |
---|---|---|---|---|---|---|
r-devel-linux-x86_64-debian-clang | 1.0.4 | 42.76 | 156.18 | 198.94 | OK | |
r-devel-linux-x86_64-debian-gcc | 1.0.4 | 28.99 | 137.33 | 166.32 | OK | |
r-devel-linux-x86_64-fedora-clang | 1.0.4 | 323.33 | OK | |||
r-devel-linux-x86_64-fedora-gcc | 1.0.4 | 299.92 | OK | |||
r-devel-macos-arm64 | 1.0.4 | 94.00 | OK | |||
r-devel-macos-x86_64 | 1.0.4 | 168.00 | OK | |||
r-devel-windows-x86_64 | 1.0.4 | 44.00 | 179.00 | 223.00 | OK | |
r-patched-linux-x86_64 | 1.0.4 | 40.46 | 151.02 | 191.48 | OK | |
r-release-linux-x86_64 | 1.0.4 | 42.43 | 151.34 | 193.77 | OK | |
r-release-macos-arm64 | 1.0.4 | 99.00 | NOTE | |||
r-release-macos-x86_64 | 1.0.4 | 181.00 | NOTE | |||
r-release-windows-x86_64 | 1.0.4 | 46.00 | 174.00 | 220.00 | OK | |
r-oldrel-macos-arm64 | 1.0.4 | 107.00 | NOTE | |||
r-oldrel-macos-x86_64 | 1.0.4 | 173.00 | NOTE | |||
r-oldrel-windows-x86_64 | 1.0.4 | 56.00 | 235.00 | 291.00 | OK |
Version: 1.0.4
Check: installed package size
Result: NOTE
installed size is 7.8Mb
sub-directories of 1Mb or more:
libs 7.4Mb
Flavors: r-release-macos-arm64, r-release-macos-x86_64, r-oldrel-macos-arm64, r-oldrel-macos-x86_64