CRAN Package Check Results for Package funLBM

Last updated on 2025-05-19 01:49:54 CEST.

Flavor Version Tinstall Tcheck Ttotal Status Flags
r-devel-linux-x86_64-debian-clang 2.3 12.22 95.73 107.95 NOTE
r-devel-linux-x86_64-debian-gcc 2.3 8.64 68.17 76.81 NOTE
r-devel-linux-x86_64-fedora-clang 2.3 164.24 NOTE
r-devel-linux-x86_64-fedora-gcc 2.3 155.21 NOTE
r-devel-windows-x86_64 2.3 13.00 114.00 127.00 NOTE
r-patched-linux-x86_64 2.3 9.66 88.81 98.47 NOTE
r-release-linux-x86_64 2.3 10.65 88.38 99.03 NOTE
r-release-macos-arm64 2.3 48.00 NOTE
r-release-macos-x86_64 2.3 118.00 NOTE
r-release-windows-x86_64 2.3 13.00 109.00 122.00 NOTE
r-oldrel-macos-arm64 2.3 46.00 NOTE
r-oldrel-macos-x86_64 2.3 71.00 NOTE
r-oldrel-windows-x86_64 2.3 18.00 124.00 142.00 NOTE

Check Details

Version: 2.3
Check: CRAN incoming feasibility
Result: NOTE Maintainer: ‘Charles Bouveyron <charles.bouveyron@gmail.com>’ No Authors@R field in DESCRIPTION. Please add one, modifying Authors@R: c(person(given = "Charles", family = "Bouveyron", role = c("aut", "cre"), email = "charles.bouveyron@gmail.com"), person(given = "Julien", family = "Jacques", role = "aut"), person(given = "Amandine", family = "Schmutz", role = "aut")) as necessary. Flavors: r-devel-linux-x86_64-debian-clang, r-devel-linux-x86_64-debian-gcc

Version: 2.3
Check: Rd files
Result: NOTE checkRd: (-1) plot.fd.Rd:69-71: Lost braces in \itemize; meant \describe ? checkRd: (-1) plot.fd.Rd:72-77: Lost braces in \itemize; meant \describe ? Flavors: r-devel-linux-x86_64-debian-clang, r-devel-linux-x86_64-debian-gcc, r-devel-linux-x86_64-fedora-clang, r-devel-linux-x86_64-fedora-gcc, r-devel-windows-x86_64, r-patched-linux-x86_64, r-release-linux-x86_64, r-release-macos-arm64, r-release-macos-x86_64, r-release-windows-x86_64, r-oldrel-macos-arm64, r-oldrel-macos-x86_64, r-oldrel-windows-x86_64

Version: 2.3
Check: Rd cross-references
Result: NOTE Found the following Rd file(s) with Rd \link{} targets missing package anchors: plot.fd.Rd: lines.fd, plotfit.fd Please provide package anchors for all Rd \link{} targets not in the package itself and the base packages. Flavors: r-devel-linux-x86_64-debian-clang, r-devel-linux-x86_64-debian-gcc, r-devel-windows-x86_64, r-patched-linux-x86_64, r-release-linux-x86_64, r-release-windows-x86_64