Last updated on 2025-07-19 13:50:12 CEST.
Flavor | Version | Tinstall | Tcheck | Ttotal | Status | Flags |
---|---|---|---|---|---|---|
r-devel-linux-x86_64-debian-clang | 1.0.1 | 3.05 | 109.35 | 112.40 | NOTE | |
r-devel-linux-x86_64-debian-gcc | 1.0.1 | 2.58 | 67.29 | 69.87 | NOTE | |
r-devel-linux-x86_64-fedora-clang | 1.0.1 | 172.27 | OK | |||
r-devel-linux-x86_64-fedora-gcc | 1.0.1 | 192.12 | OK | |||
r-devel-windows-x86_64 | 1.0.1 | 8.00 | 112.00 | 120.00 | OK | |
r-patched-linux-x86_64 | 1.0.1 | 3.15 | 104.95 | 108.10 | OK | |
r-release-linux-x86_64 | 1.0.1 | 3.36 | 104.39 | 107.75 | OK | |
r-release-macos-arm64 | 1.0.1 | 56.00 | OK | |||
r-release-macos-x86_64 | 1.0.1 | 127.00 | OK | |||
r-release-windows-x86_64 | 1.0.1 | 11.00 | 115.00 | 126.00 | OK | |
r-oldrel-macos-arm64 | 1.0.1 | 50.00 | OK | |||
r-oldrel-macos-x86_64 | 1.0.1 | 104.00 | OK | |||
r-oldrel-windows-x86_64 | 1.0.1 | 11.00 | 149.00 | 160.00 | OK |
Version: 1.0.1
Check: CRAN incoming feasibility
Result: NOTE
Maintainer: ‘Sarah P. Flanagan <spflanagan.phd@gmail.com>’
No Authors@R field in DESCRIPTION.
Please add one, modifying
Authors@R: c(person(given = c("Sarah", "P."),
family = "Flanagan",
role = c("aut", "cre"),
email = "spflanagan.phd@gmail.com"),
person(given = c("Adam", "G."),
family = "Jones",
role = "aut"))
as necessary.
Flavors: r-devel-linux-x86_64-debian-clang, r-devel-linux-x86_64-debian-gcc