Last updated on 2025-11-05 00:49:31 CET.
| Flavor | Version | Tinstall | Tcheck | Ttotal | Status | Flags |
|---|---|---|---|---|---|---|
| r-devel-linux-x86_64-debian-clang | 0.0-6 | 27.25 | 127.35 | 154.60 | NOTE | |
| r-devel-linux-x86_64-debian-gcc | 0.0-6 | 19.53 | 86.21 | 105.74 | NOTE | |
| r-devel-linux-x86_64-fedora-clang | 0.0-6 | 155.00 | 106.64 | 261.64 | OK | |
| r-devel-linux-x86_64-fedora-gcc | 0.0-6 | 62.00 | 189.73 | 251.73 | OK | |
| r-devel-windows-x86_64 | 0.0-6 | 36.00 | 149.00 | 185.00 | OK | |
| r-patched-linux-x86_64 | 0.0-6 | 29.26 | 123.93 | 153.19 | OK | |
| r-release-linux-x86_64 | 0.0-6 | 28.19 | 120.37 | 148.56 | OK | |
| r-release-macos-arm64 | 0.0-6 | 12.00 | 65.00 | 77.00 | OK | |
| r-release-macos-x86_64 | 0.0-6 | 17.00 | 120.00 | 137.00 | OK | |
| r-release-windows-x86_64 | 0.0-6 | 34.00 | 147.00 | 181.00 | OK | |
| r-oldrel-macos-arm64 | 0.0-6 | 12.00 | 61.00 | 73.00 | OK | |
| r-oldrel-macos-x86_64 | 0.0-6 | 31.00 | 216.00 | 247.00 | OK | |
| r-oldrel-windows-x86_64 | 0.0-6 | 41.00 | 186.00 | 227.00 | OK |
Version: 0.0-6
Check: CRAN incoming feasibility
Result: NOTE
Maintainer: ‘Robin K. S. Hankin <hankin.robin@gmail.com>’
The BugReports field in DESCRIPTION has
https://github.com/RobinHankin/frab
which should likely be
https://github.com/RobinHankin/frab/issues
instead.
Flavors: r-devel-linux-x86_64-debian-clang, r-devel-linux-x86_64-debian-gcc