Last updated on 2025-05-19 01:49:53 CEST.
Flavor | Version | Tinstall | Tcheck | Ttotal | Status | Flags |
---|---|---|---|---|---|---|
r-devel-linux-x86_64-debian-clang | 0.0-2 | 1.92 | 15.63 | 17.55 | WARN | |
r-devel-linux-x86_64-debian-gcc | 0.0-3 | 1.88 | 14.17 | 16.05 | OK | |
r-devel-linux-x86_64-fedora-clang | 0.0-3 | 30.49 | OK | |||
r-devel-linux-x86_64-fedora-gcc | 0.0-2 | 26.12 | NOTE | |||
r-devel-windows-x86_64 | 0.0-3 | 7.00 | 55.00 | 62.00 | OK | |
r-patched-linux-x86_64 | 0.0-2 | 1.91 | 14.65 | 16.56 | OK | |
r-release-linux-x86_64 | 0.0-2 | 1.89 | 14.76 | 16.65 | OK | |
r-release-macos-arm64 | 0.0-3 | 17.00 | OK | |||
r-release-macos-x86_64 | 0.0-3 | 46.00 | OK | |||
r-release-windows-x86_64 | 0.0-2 | 6.00 | 44.00 | 50.00 | OK | |
r-oldrel-macos-arm64 | 0.0-2 | 21.00 | OK | |||
r-oldrel-macos-x86_64 | 0.0-2 | 26.00 | OK | |||
r-oldrel-windows-x86_64 | 0.0-2 | 6.00 | 48.00 | 54.00 | OK |
Version: 0.0-2
Check: CRAN incoming feasibility
Result: NOTE
Maintainer: ‘Ali Baharev <ali.baharev@gmail.com>’
No Authors@R field in DESCRIPTION.
Please add one, modifying
Authors@R: person(given = "Ali",
family = "Baharev",
role = c("aut", "cre"),
email = "ali.baharev@gmail.com")
as necessary.
Found the following \keyword or \concept entries
which likely give several index terms:
File ‘ncparamF.Rd’:
\keyword{power of F-Test, minimal detectable diffe [TRUNCATED]
Flavor: r-devel-linux-x86_64-debian-clang
Version: 0.0-2
Check: for code which exercises the package
Result: WARN
No examples, no tests, no vignettes
Flavor: r-devel-linux-x86_64-debian-clang
Version: 0.0-2
Check: compiled code
Result: NOTE
File ‘fpow/libs/fpow.so’:
Found no calls to: ‘R_registerRoutines’, ‘R_useDynamicSymbols’
It is good practice to register native routines and to disable symbol
search.
See ‘Writing portable packages’ in the ‘Writing R Extensions’ manual.
Flavor: r-devel-linux-x86_64-fedora-gcc