Last updated on 2025-05-19 01:49:53 CEST.
Flavor | Version | Tinstall | Tcheck | Ttotal | Status | Flags |
---|---|---|---|---|---|---|
r-devel-linux-x86_64-debian-clang | 1.0 | 8.52 | 76.49 | 85.01 | NOTE | |
r-devel-linux-x86_64-debian-gcc | 1.0 | 6.07 | 53.39 | 59.46 | NOTE | |
r-devel-linux-x86_64-fedora-clang | 1.0 | 132.07 | OK | |||
r-devel-linux-x86_64-fedora-gcc | 1.0 | 122.01 | OK | |||
r-devel-windows-x86_64 | 1.0 | 11.00 | 102.00 | 113.00 | NOTE | |
r-patched-linux-x86_64 | 1.0 | 8.09 | 73.32 | 81.41 | NOTE | |
r-release-linux-x86_64 | 1.0 | 8.15 | 72.01 | 80.16 | NOTE | |
r-release-macos-arm64 | 1.0 | 93.00 | OK | |||
r-release-macos-x86_64 | 1.0 | 74.00 | OK | |||
r-release-windows-x86_64 | 1.0 | 11.00 | 94.00 | 105.00 | NOTE | |
r-oldrel-macos-arm64 | 1.0 | 34.00 | OK | |||
r-oldrel-macos-x86_64 | 1.0 | 54.00 | OK | |||
r-oldrel-windows-x86_64 | 1.0 | 14.00 | 106.00 | 120.00 | OK |
Version: 1.0
Check: Rd cross-references
Result: NOTE
Found the following Rd file(s) with Rd \link{} targets missing package
anchors:
analyze.windanomaly.Rd: lpacf.plot
forecastlpacf.Rd: lpacf
Please provide package anchors for all Rd \link{} targets not in the
package itself and the base packages.
Flavors: r-devel-linux-x86_64-debian-clang, r-devel-linux-x86_64-debian-gcc, r-devel-windows-x86_64, r-patched-linux-x86_64, r-release-linux-x86_64, r-release-windows-x86_64