Last updated on 2025-07-21 01:49:04 CEST.
Flavor | Version | Tinstall | Tcheck | Ttotal | Status | Flags |
---|---|---|---|---|---|---|
r-devel-linux-x86_64-debian-clang | 2.0.8.2 | 12.19 | 179.33 | 191.52 | NOTE | |
r-devel-linux-x86_64-debian-gcc | 2.0.8.2 | 7.20 | 123.29 | 130.49 | NOTE | |
r-devel-linux-x86_64-fedora-clang | 2.0.8.2 | 292.54 | OK | |||
r-devel-linux-x86_64-fedora-gcc | 2.0.8.2 | 306.46 | OK | |||
r-devel-windows-x86_64 | 2.0.8.2 | 13.00 | 172.00 | 185.00 | OK | |
r-patched-linux-x86_64 | 2.0.8.2 | 12.96 | 169.69 | 182.65 | OK | |
r-release-linux-x86_64 | 2.0.8.2 | 12.02 | 168.73 | 180.75 | OK | |
r-release-macos-arm64 | 2.0.8.2 | 186.00 | OK | |||
r-release-macos-x86_64 | 2.0.8.2 | 197.00 | OK | |||
r-release-windows-x86_64 | 2.0.8.2 | 15.00 | 168.00 | 183.00 | OK | |
r-oldrel-macos-arm64 | 2.0.8.2 | 78.00 | OK | |||
r-oldrel-macos-x86_64 | 2.0.8.2 | 237.00 | OK | |||
r-oldrel-windows-x86_64 | 2.0.8.2 | 18.00 | 216.00 | 234.00 | OK |
Version: 2.0.8.2
Check: CRAN incoming feasibility
Result: NOTE
Maintainer: ‘Tianshu Chen <tianshu129@163.com>’
No Authors@R field in DESCRIPTION.
Please add one, modifying
Authors@R: person(given = "Tianshu",
family = "Chen",
role = c("aut", "cre"),
email = "tianshu129@163.com")
as necessary.
Flavors: r-devel-linux-x86_64-debian-clang, r-devel-linux-x86_64-debian-gcc