Last updated on 2025-05-19 01:49:53 CEST.
Flavor | Version | Tinstall | Tcheck | Ttotal | Status | Flags |
---|---|---|---|---|---|---|
r-devel-linux-x86_64-debian-clang | 0.2 | 3.98 | 42.34 | 46.32 | NOTE | |
r-devel-linux-x86_64-debian-gcc | 0.2 | 2.95 | 31.61 | 34.56 | NOTE | |
r-devel-linux-x86_64-fedora-clang | 0.2 | 71.63 | NOTE | |||
r-devel-linux-x86_64-fedora-gcc | 0.2 | 80.51 | NOTE | |||
r-devel-windows-x86_64 | 0.2 | 6.00 | 70.00 | 76.00 | NOTE | |
r-patched-linux-x86_64 | 0.2 | 3.17 | 38.90 | 42.07 | NOTE | |
r-release-linux-x86_64 | 0.2 | 3.22 | 38.40 | 41.62 | NOTE | |
r-release-macos-arm64 | 0.2 | 38.00 | NOTE | |||
r-release-macos-x86_64 | 0.2 | 59.00 | NOTE | |||
r-release-windows-x86_64 | 0.2 | 6.00 | 66.00 | 72.00 | NOTE | |
r-oldrel-macos-arm64 | 0.2 | 34.00 | OK | |||
r-oldrel-macos-x86_64 | 0.2 | 73.00 | OK | |||
r-oldrel-windows-x86_64 | 0.2 | 6.00 | 68.00 | 74.00 | OK |
Version: 0.2
Check: DESCRIPTION meta-information
Result: NOTE
Missing dependency on R >= 4.1.0 because package code uses the pipe
|> or function shorthand \(...) syntax added in R 4.1.0.
File(s) using such syntax:
‘airport_footprint.R’ ‘airport_footprint.Rd’ ‘latlong_footprint.R’
‘latlong_footprint.Rd’
Flavors: r-devel-linux-x86_64-debian-clang, r-devel-linux-x86_64-debian-gcc, r-devel-linux-x86_64-fedora-clang, r-devel-linux-x86_64-fedora-gcc, r-devel-windows-x86_64, r-patched-linux-x86_64, r-release-linux-x86_64, r-release-macos-arm64, r-release-macos-x86_64, r-release-windows-x86_64