Last updated on 2025-05-19 01:49:53 CEST.
Flavor | Version | Tinstall | Tcheck | Ttotal | Status | Flags |
---|---|---|---|---|---|---|
r-devel-linux-x86_64-debian-clang | 1.1.1 | 38.82 | 137.08 | 175.90 | NOTE | |
r-devel-linux-x86_64-debian-gcc | 1.1.1 | 28.28 | 96.68 | 124.96 | NOTE | |
r-devel-linux-x86_64-fedora-clang | 1.1.1 | 282.81 | NOTE | |||
r-devel-linux-x86_64-fedora-gcc | 1.1.1 | 292.92 | NOTE | |||
r-devel-windows-x86_64 | 1.1.1 | 46.00 | 165.00 | 211.00 | NOTE | |
r-patched-linux-x86_64 | 1.1.1 | 34.28 | 131.37 | 165.65 | NOTE | |
r-release-linux-x86_64 | 1.1.1 | 35.60 | 129.05 | 164.65 | NOTE | |
r-release-macos-arm64 | 1.1.1 | 76.00 | NOTE | |||
r-release-macos-x86_64 | 1.1.1 | 124.00 | NOTE | |||
r-release-windows-x86_64 | 1.1.1 | 45.00 | 147.00 | 192.00 | NOTE | |
r-oldrel-macos-arm64 | 1.1.1 | 69.00 | NOTE | |||
r-oldrel-macos-x86_64 | 1.1.1 | 99.00 | NOTE | |||
r-oldrel-windows-x86_64 | 1.1.1 | 55.00 | 189.00 | 244.00 | NOTE |
Version: 1.1.1
Check: C++ specification
Result: NOTE
Specified C++11: please drop specification unless essential
Flavors: r-devel-linux-x86_64-debian-clang, r-devel-linux-x86_64-debian-gcc, r-devel-linux-x86_64-fedora-clang, r-devel-linux-x86_64-fedora-gcc, r-devel-windows-x86_64, r-patched-linux-x86_64, r-release-linux-x86_64, r-release-macos-arm64, r-release-macos-x86_64, r-release-windows-x86_64, r-oldrel-macos-arm64, r-oldrel-macos-x86_64, r-oldrel-windows-x86_64