Last updated on 2025-10-31 13:50:49 CET.
| Flavor | Version | Tinstall | Tcheck | Ttotal | Status | Flags | 
|---|---|---|---|---|---|---|
| r-devel-linux-x86_64-debian-clang | 1.0.0 | 3.05 | 52.71 | 55.76 | NOTE | |
| r-devel-linux-x86_64-debian-gcc | 1.0.0 | 2.11 | 39.60 | 41.71 | NOTE | |
| r-devel-linux-x86_64-fedora-clang | 1.0.0 | 10.00 | 77.99 | 87.99 | OK | |
| r-devel-linux-x86_64-fedora-gcc | 1.0.0 | 94.48 | OK | |||
| r-devel-windows-x86_64 | 1.0.0 | 4.00 | 70.00 | 74.00 | NOTE | |
| r-patched-linux-x86_64 | 1.0.0 | 2.84 | 48.61 | 51.45 | NOTE | |
| r-release-linux-x86_64 | 1.0.0 | 2.80 | 48.95 | 51.75 | NOTE | |
| r-release-macos-arm64 | 1.0.0 | 2.00 | 42.00 | 44.00 | OK | |
| r-release-macos-x86_64 | 1.0.0 | 3.00 | 64.00 | 67.00 | OK | |
| r-release-windows-x86_64 | 1.0.0 | 5.00 | 70.00 | 75.00 | NOTE | |
| r-oldrel-macos-arm64 | 1.0.0 | 1.00 | 36.00 | 37.00 | OK | |
| r-oldrel-macos-x86_64 | 1.0.0 | 2.00 | 49.00 | 51.00 | OK | |
| r-oldrel-windows-x86_64 | 1.0.0 | 5.00 | 85.00 | 90.00 | OK | 
Version: 1.0.0
Check: Rd cross-references
Result: NOTE
  Found the following Rd file(s) with Rd \link{} targets missing package
  anchors:
    AICc.Rd: gam
  Please provide package anchors for all Rd \link{} targets not in the
  package itself and the base packages.
Flavors: r-devel-linux-x86_64-debian-clang, r-devel-linux-x86_64-debian-gcc, r-devel-windows-x86_64, r-patched-linux-x86_64, r-release-linux-x86_64, r-release-windows-x86_64