CRAN Package Check Results for Package flashlight

Last updated on 2025-04-29 01:49:33 CEST.

Flavor Version Tinstall Tcheck Ttotal Status Flags
r-devel-linux-x86_64-debian-clang 0.9.0 5.05 89.71 94.76 NOTE
r-devel-linux-x86_64-debian-gcc 0.9.0 4.21 64.14 68.35 NOTE
r-devel-linux-x86_64-fedora-clang 0.9.0 147.10 NOTE
r-devel-linux-x86_64-fedora-gcc 0.9.0 154.16 NOTE
r-devel-windows-x86_64 0.9.0 7.00 106.00 113.00 NOTE
r-patched-linux-x86_64 0.9.0 6.41 86.23 92.64 NOTE
r-release-linux-x86_64 0.9.0 5.63 86.28 91.91 NOTE
r-release-macos-arm64 0.9.0 53.00 NOTE
r-release-macos-x86_64 0.9.0 106.00 NOTE
r-release-windows-x86_64 0.9.0 7.00 108.00 115.00 NOTE
r-oldrel-macos-arm64 0.9.0 47.00 NOTE
r-oldrel-macos-x86_64 0.9.0 101.00 NOTE
r-oldrel-windows-x86_64 0.9.0 10.00 129.00 139.00 NOTE

Check Details

Version: 0.9.0
Check: Rd files
Result: NOTE checkRd: (-1) flashlight.Rd:53: Lost braces; missing escapes or markup? 53 | like those in package {MetricsWeighted}.} | ^ checkRd: (-1) grouped_stats.Rd:49: Lost braces; missing escapes or markup? 49 | {MetricsWeighted}.} | ^ checkRd: (-1) plot_counts.Rd:45: Lost braces; missing escapes or markup? 45 | Experimental. Uses package {ggpubr} to rearrange the figure. | ^ Flavors: r-devel-linux-x86_64-debian-clang, r-devel-linux-x86_64-debian-gcc, r-devel-linux-x86_64-fedora-clang, r-devel-linux-x86_64-fedora-gcc, r-devel-windows-x86_64, r-patched-linux-x86_64, r-release-linux-x86_64, r-release-macos-arm64, r-release-macos-x86_64, r-release-windows-x86_64, r-oldrel-macos-arm64, r-oldrel-macos-x86_64, r-oldrel-windows-x86_64

Version: 0.9.0
Check: CRAN incoming feasibility
Result: NOTE Maintainer: ‘Michael Mayer <mayermichael79@gmail.com>’ The Description field contains (2016) <arXiv:1612.08468>), further effects plots, interaction (2019) <arxiv:1903.11420>). All tools are implemented to work with Please refer to arXiv e-prints via their arXiv DOI <doi:10.48550/arXiv.YYMM.NNNNN>. Flavor: r-devel-linux-x86_64-debian-gcc