Last updated on 2025-02-22 00:49:45 CET.
Flavor | Version | Tinstall | Tcheck | Ttotal | Status | Flags |
---|---|---|---|---|---|---|
r-devel-linux-x86_64-debian-clang | 0.1.0 | 2.60 | 24.11 | 26.71 | NOTE | |
r-devel-linux-x86_64-debian-gcc | 0.1.0 | 1.73 | 18.68 | 20.41 | NOTE | |
r-devel-linux-x86_64-fedora-clang | 0.1.0 | 46.47 | NOTE | |||
r-devel-linux-x86_64-fedora-gcc | 0.1.0 | 41.19 | NOTE | |||
r-devel-macos-arm64 | 0.1.0 | 14.00 | NOTE | |||
r-devel-macos-x86_64 | 0.1.0 | 30.00 | NOTE | |||
r-devel-windows-x86_64 | 0.1.0 | 3.00 | 54.00 | 57.00 | NOTE | |
r-patched-linux-x86_64 | 0.1.0 | 2.33 | 22.59 | 24.92 | NOTE | |
r-release-linux-x86_64 | 0.1.0 | 2.48 | 22.48 | 24.96 | NOTE | |
r-release-macos-arm64 | 0.1.0 | 17.00 | NOTE | |||
r-release-macos-x86_64 | 0.1.0 | 25.00 | NOTE | |||
r-release-windows-x86_64 | 0.1.0 | 4.00 | 47.00 | 51.00 | NOTE | |
r-oldrel-macos-arm64 | 0.1.0 | 16.00 | NOTE | |||
r-oldrel-macos-x86_64 | 0.1.0 | 24.00 | NOTE | |||
r-oldrel-windows-x86_64 | 0.1.0 | 4.00 | 47.00 | 51.00 | NOTE |
Version: 0.1.0
Check: Rd files
Result: NOTE
checkRd: (-1) fitmixEM.Rd:51: Escaped LaTeX specials: \&
Flavors: r-devel-linux-x86_64-debian-clang, r-devel-linux-x86_64-debian-gcc, r-devel-linux-x86_64-fedora-clang, r-devel-linux-x86_64-fedora-gcc, r-devel-macos-arm64, r-devel-macos-x86_64, r-devel-windows-x86_64, r-patched-linux-x86_64, r-release-linux-x86_64, r-release-macos-arm64, r-release-macos-x86_64, r-release-windows-x86_64, r-oldrel-macos-arm64, r-oldrel-macos-x86_64, r-oldrel-windows-x86_64