Last updated on 2025-05-19 01:49:53 CEST.
Flavor | Version | Tinstall | Tcheck | Ttotal | Status | Flags |
---|---|---|---|---|---|---|
r-devel-linux-x86_64-debian-clang | 1.0.1 | 13.58 | 135.20 | 148.78 | NOTE | |
r-devel-linux-x86_64-debian-gcc | 1.0.1 | 10.14 | 97.19 | 107.33 | NOTE | |
r-devel-linux-x86_64-fedora-clang | 1.0.1 | 241.45 | NOTE | |||
r-devel-linux-x86_64-fedora-gcc | 1.0.1 | 256.17 | NOTE | |||
r-devel-windows-x86_64 | 1.0.1 | 17.00 | 168.00 | 185.00 | NOTE | |
r-patched-linux-x86_64 | 1.0.1 | 13.98 | 129.14 | 143.12 | NOTE | |
r-release-linux-x86_64 | 1.0.1 | 12.80 | 126.92 | 139.72 | NOTE | |
r-release-macos-arm64 | 1.0.1 | 70.00 | NOTE | |||
r-release-macos-x86_64 | 1.0.1 | 134.00 | NOTE | |||
r-release-windows-x86_64 | 1.0.1 | 14.00 | 166.00 | 180.00 | NOTE | |
r-oldrel-macos-arm64 | 1.0.1 | 67.00 | OK | |||
r-oldrel-macos-x86_64 | 1.0.1 | 154.00 | OK | |||
r-oldrel-windows-x86_64 | 1.0.1 | 21.00 | 186.00 | 207.00 | OK |
Version: 1.0.1
Check: DESCRIPTION meta-information
Result: NOTE
Missing dependency on R >= 4.1.0 because package code uses the pipe
|> or function shorthand \(...) syntax added in R 4.1.0.
File(s) using such syntax:
‘readData.R’
Flavors: r-devel-linux-x86_64-debian-clang, r-devel-linux-x86_64-debian-gcc, r-devel-linux-x86_64-fedora-clang, r-devel-linux-x86_64-fedora-gcc, r-devel-windows-x86_64, r-patched-linux-x86_64, r-release-linux-x86_64, r-release-macos-arm64, r-release-macos-x86_64, r-release-windows-x86_64