Last updated on 2025-05-19 12:50:03 CEST.
Flavor | Version | Tinstall | Tcheck | Ttotal | Status | Flags |
---|---|---|---|---|---|---|
r-devel-linux-x86_64-debian-clang | 2025.1.0.0 | 16.17 | 57.91 | 74.08 | OK | |
r-devel-linux-x86_64-debian-gcc | 2025.1.0.0 | 11.65 | 42.51 | 54.16 | OK | |
r-devel-linux-x86_64-fedora-clang | 2025.1.0.0 | 116.08 | OK | |||
r-devel-linux-x86_64-fedora-gcc | 2025.1.0.0 | 119.34 | OK | |||
r-devel-windows-x86_64 | 2025.1.0.0 | 17.00 | 96.00 | 113.00 | OK | |
r-patched-linux-x86_64 | 2025.1.0.0 | 16.84 | 57.00 | 73.84 | OK | |
r-release-linux-x86_64 | 2025.1.0.0 | 16.66 | 57.73 | 74.39 | OK | |
r-release-macos-arm64 | 2025.1.0.0 | 59.00 | OK | |||
r-release-macos-x86_64 | 2025.1.0.0 | 127.00 | OK | |||
r-release-windows-x86_64 | 2025.1.0.0 | 17.00 | 86.00 | 103.00 | OK | |
r-oldrel-macos-arm64 | 2025.1.0.0 | 55.00 | NOTE | |||
r-oldrel-macos-x86_64 | 2025.1.0.0 | 117.00 | NOTE | |||
r-oldrel-windows-x86_64 | 2025.1.0.0 | 17.00 | 98.00 | 115.00 | OK |
Version: 2025.1.0.0
Check: installed package size
Result: NOTE
installed size is 5.3Mb
sub-directories of 1Mb or more:
data 5.2Mb
Flavors: r-oldrel-macos-arm64, r-oldrel-macos-x86_64