CRAN Package Check Results for Package fipp

Last updated on 2025-07-20 12:49:25 CEST.

Flavor Version Tinstall Tcheck Ttotal Status Flags
r-devel-linux-x86_64-debian-clang 1.0.0 19.21 60.68 79.89 NOTE
r-devel-linux-x86_64-debian-gcc 1.0.0 13.03 41.22 54.25 NOTE
r-devel-linux-x86_64-fedora-clang 1.0.0 132.42 NOTE
r-devel-linux-x86_64-fedora-gcc 1.0.0 132.14 NOTE
r-devel-windows-x86_64 1.0.0 22.00 90.00 112.00 NOTE
r-patched-linux-x86_64 1.0.0 16.34 55.19 71.53 NOTE
r-release-linux-x86_64 1.0.0 17.90 55.06 72.96 NOTE
r-release-macos-arm64 1.0.0 49.00 NOTE
r-release-macos-x86_64 1.0.0 91.00 NOTE
r-release-windows-x86_64 1.0.0 22.00 94.00 116.00 NOTE
r-oldrel-macos-arm64 1.0.0 41.00 NOTE
r-oldrel-macos-x86_64 1.0.0 65.00 NOTE
r-oldrel-windows-x86_64 1.0.0 27.00 112.00 139.00 NOTE

Check Details

Version: 1.0.0
Check: CRAN incoming feasibility
Result: NOTE Maintainer: ‘Jan Greve <jan.greve@wu.ac.at>’ The Description field contains (2020) <arXiv:2005.09918>). For methodological details, please refer to <arXiv:2012.12337>) as well as the package vignette. Please refer to arXiv e-prints via their arXiv DOI <doi:10.48550/arXiv.YYMM.NNNNN>. Flavors: r-devel-linux-x86_64-debian-clang, r-devel-linux-x86_64-debian-gcc

Version: 1.0.0
Check: C++ specification
Result: NOTE Specified C++11: please drop specification unless essential Flavors: r-devel-linux-x86_64-debian-clang, r-devel-linux-x86_64-debian-gcc, r-devel-linux-x86_64-fedora-clang, r-devel-linux-x86_64-fedora-gcc, r-devel-windows-x86_64, r-patched-linux-x86_64, r-release-linux-x86_64, r-release-macos-arm64, r-release-macos-x86_64, r-release-windows-x86_64, r-oldrel-macos-arm64, r-oldrel-macos-x86_64, r-oldrel-windows-x86_64

Version: 1.0.0
Check: LazyData
Result: NOTE 'LazyData' is specified without a 'data' directory Flavors: r-oldrel-macos-arm64, r-oldrel-macos-x86_64, r-oldrel-windows-x86_64