Last updated on 2024-06-30 00:59:14 CEST.
Flavor | Version | Tinstall | Tcheck | Ttotal | Status | Flags |
---|---|---|---|---|---|---|
r-devel-linux-x86_64-debian-clang | 0.1.2 | 11.99 | 61.27 | 73.26 | OK | |
r-devel-linux-x86_64-debian-gcc | 0.1.2 | 13.41 | 46.92 | 60.33 | OK | |
r-devel-linux-x86_64-fedora-clang | 0.1.2 | 100.49 | NOTE | |||
r-devel-linux-x86_64-fedora-gcc | 0.1.2 | 105.90 | NOTE | |||
r-devel-windows-x86_64 | 0.1.2 | 27.00 | 82.00 | 109.00 | OK | |
r-patched-linux-x86_64 | 0.1.2 | 13.46 | 58.36 | 71.82 | OK | |
r-release-linux-x86_64 | 0.1.2 | 12.27 | 58.16 | 70.43 | OK | |
r-release-macos-arm64 | 0.1.2 | 39.00 | NOTE | |||
r-release-macos-x86_64 | 0.1.2 | 72.00 | NOTE | |||
r-release-windows-x86_64 | 0.1.2 | 30.00 | 82.00 | 112.00 | OK | |
r-oldrel-macos-arm64 | 0.1.2 | 52.00 | NOTE | |||
r-oldrel-macos-x86_64 | 0.1.2 | 90.00 | NOTE | |||
r-oldrel-windows-x86_64 | 0.1.2 | 38.00 | 95.00 | 133.00 | OK |
Version: 0.1.2
Check: data for non-ASCII characters
Result: NOTE
Note: found 222 marked UTF-8 strings
Flavors: r-devel-linux-x86_64-fedora-clang, r-devel-linux-x86_64-fedora-gcc
Version: 0.1.2
Check: installed package size
Result: NOTE
installed size is 5.5Mb
sub-directories of 1Mb or more:
data 2.4Mb
extdata 2.8Mb
Flavors: r-release-macos-arm64, r-release-macos-x86_64, r-oldrel-macos-arm64, r-oldrel-macos-x86_64