CRAN Package Check Results for Package finch

Last updated on 2025-04-29 01:49:32 CEST.

Flavor Version Tinstall Tcheck Ttotal Status Flags
r-devel-linux-x86_64-debian-clang 0.4.0 6.49 51.79 58.28 OK
r-devel-linux-x86_64-debian-gcc 0.4.0 4.67 40.75 45.42 OK
r-devel-linux-x86_64-fedora-clang 0.4.0 92.31 OK
r-devel-linux-x86_64-fedora-gcc 0.4.0 84.48 OK
r-devel-windows-x86_64 0.4.0 8.00 67.00 75.00 OK
r-patched-linux-x86_64 0.4.0 5.28 48.68 53.96 OK
r-release-linux-x86_64 0.4.0 5.15 48.30 53.45 OK
r-release-macos-arm64 0.4.0 45.00 OK
r-release-macos-x86_64 0.4.0 66.00 OK
r-release-windows-x86_64 0.4.0 8.00 71.00 79.00 OK
r-oldrel-macos-arm64 0.4.0 28.00 NOTE
r-oldrel-macos-x86_64 0.4.0 60.00 NOTE
r-oldrel-windows-x86_64 0.4.0 11.00 77.00 88.00 NOTE

Check Details

Version: 0.4.0
Check: LazyData
Result: NOTE 'LazyData' is specified without a 'data' directory Flavors: r-oldrel-macos-arm64, r-oldrel-macos-x86_64, r-oldrel-windows-x86_64