CRAN Package Check Results for Package filehash

Last updated on 2025-07-20 12:49:25 CEST.

Flavor Version Tinstall Tcheck Ttotal Status Flags
r-devel-linux-x86_64-debian-clang 2.4-6 5.31 31.86 37.17 NOTE
r-devel-linux-x86_64-debian-gcc 2.4-6 3.49 26.37 29.86 NOTE
r-devel-linux-x86_64-fedora-clang 2.4-6 58.26 OK
r-devel-linux-x86_64-fedora-gcc 2.4-6 70.11 OK
r-devel-windows-x86_64 2.4-6 9.00 74.00 83.00 OK
r-patched-linux-x86_64 2.4-6 5.09 31.03 36.12 OK
r-release-linux-x86_64 2.4-6 4.46 31.08 35.54 OK
r-release-macos-arm64 2.4-6 31.00 OK
r-release-macos-x86_64 2.4-6 60.00 OK
r-release-windows-x86_64 2.4-6 8.00 71.00 79.00 OK
r-oldrel-macos-arm64 2.4-6 32.00 OK
r-oldrel-macos-x86_64 2.4-6 127.00 OK
r-oldrel-windows-x86_64 2.4-6 11.00 70.00 81.00 OK

Check Details

Version: 2.4-6
Check: CRAN incoming feasibility
Result: NOTE Maintainer: ‘Roger D. Peng <roger.peng@austin.utexas.edu>’ No Authors@R field in DESCRIPTION. Please add one, modifying Authors@R: person(given = c("Roger", "D."), family = "Peng", role = c("aut", "cre"), email = "roger.peng@austin.utexas.edu") as necessary. Flavors: r-devel-linux-x86_64-debian-clang, r-devel-linux-x86_64-debian-gcc