Last updated on 2024-06-30 00:59:14 CEST.
Flavor | Version | Tinstall | Tcheck | Ttotal | Status | Flags |
---|---|---|---|---|---|---|
r-devel-linux-x86_64-debian-clang | 1.1.1 | 482.62 | 206.53 | 689.15 | OK | |
r-devel-linux-x86_64-debian-gcc | 1.1.1 | 411.02 | 196.75 | 607.77 | OK | |
r-devel-linux-x86_64-fedora-clang | 1.1.1 | 980.91 | OK | |||
r-devel-linux-x86_64-fedora-gcc | 1.1.1 | 1168.81 | OK | |||
r-devel-windows-x86_64 | 1.1.1 | 399.00 | 230.00 | 629.00 | NOTE | |
r-patched-linux-x86_64 | 1.1.1 | 482.53 | 256.39 | 738.92 | OK | |
r-release-linux-x86_64 | 1.1.1 | 381.77 | 255.38 | 637.15 | OK | |
r-release-macos-arm64 | 1.1.1 | 238.00 | NOTE | |||
r-release-macos-x86_64 | 1.1.1 | 354.00 | NOTE | |||
r-release-windows-x86_64 | 1.1.1 | 399.00 | 227.00 | 626.00 | NOTE | |
r-oldrel-macos-arm64 | 1.1.1 | 252.00 | NOTE | |||
r-oldrel-macos-x86_64 | 1.1.1 | 295.00 | NOTE | |||
r-oldrel-windows-x86_64 | 1.1.1 | 505.00 | 277.00 | 782.00 | NOTE |
Version: 1.1.1
Check: installed package size
Result: NOTE
installed size is 5.7Mb
sub-directories of 1Mb or more:
data 1.8Mb
libs 2.2Mb
Flavors: r-devel-windows-x86_64, r-release-macos-arm64, r-release-macos-x86_64, r-release-windows-x86_64, r-oldrel-macos-arm64, r-oldrel-macos-x86_64, r-oldrel-windows-x86_64