Last updated on 2025-02-21 01:50:31 CET.
Flavor | Version | Tinstall | Tcheck | Ttotal | Status | Flags |
---|---|---|---|---|---|---|
r-devel-linux-x86_64-debian-clang | 1.0.0 | 123.96 | 137.24 | 261.20 | NOTE | |
r-devel-linux-x86_64-debian-gcc | 1.0.0 | 84.70 | 95.40 | 180.10 | NOTE | |
r-devel-linux-x86_64-fedora-clang | 1.0.0 | 450.68 | NOTE | |||
r-devel-linux-x86_64-fedora-gcc | 1.0.0 | 445.67 | NOTE | |||
r-devel-macos-arm64 | 1.0.0 | 100.00 | NOTE | |||
r-devel-macos-x86_64 | 1.0.0 | 176.00 | NOTE | |||
r-devel-windows-x86_64 | 1.0.0 | 118.00 | 143.00 | 261.00 | NOTE | |
r-patched-linux-x86_64 | 1.0.0 | 128.27 | 126.39 | 254.66 | NOTE | |
r-release-linux-x86_64 | 1.0.0 | 117.44 | 127.09 | 244.53 | NOTE | |
r-release-macos-arm64 | 1.0.0 | 92.00 | NOTE | |||
r-release-macos-x86_64 | 1.0.0 | 126.00 | NOTE | |||
r-release-windows-x86_64 | 1.0.0 | 120.00 | 156.00 | 276.00 | NOTE | |
r-oldrel-macos-arm64 | 1.0.0 | 102.00 | NOTE | |||
r-oldrel-macos-x86_64 | 1.0.0 | 178.00 | NOTE | |||
r-oldrel-windows-x86_64 | 1.0.0 | 156.00 | 198.00 | 354.00 | NOTE |
Version: 1.0.0
Check: C++ specification
Result: NOTE
Specified C++11: please drop specification unless essential
Flavors: r-devel-linux-x86_64-debian-clang, r-devel-linux-x86_64-debian-gcc, r-devel-linux-x86_64-fedora-clang, r-devel-linux-x86_64-fedora-gcc, r-devel-macos-arm64, r-devel-macos-x86_64, r-devel-windows-x86_64, r-patched-linux-x86_64, r-release-linux-x86_64, r-release-macos-arm64, r-release-macos-x86_64, r-release-windows-x86_64, r-oldrel-macos-arm64, r-oldrel-macos-x86_64, r-oldrel-windows-x86_64
Version: 1.0.0
Check: dependencies in R code
Result: NOTE
Namespace in Imports field not imported from: ‘panelView’
All declared Imports should be used.
Flavors: r-devel-linux-x86_64-fedora-clang, r-devel-linux-x86_64-fedora-gcc
Version: 1.0.0
Check: installed package size
Result: NOTE
installed size is 8.6Mb
sub-directories of 1Mb or more:
libs 7.2Mb
Flavors: r-release-macos-arm64, r-release-macos-x86_64, r-oldrel-macos-arm64, r-oldrel-macos-x86_64