Last updated on 2025-07-20 12:49:24 CEST.
Flavor | Version | Tinstall | Tcheck | Ttotal | Status | Flags |
---|---|---|---|---|---|---|
r-devel-linux-x86_64-debian-clang | 0.5.2 | 57.98 | 46.88 | 104.86 | NOTE | |
r-devel-linux-x86_64-debian-gcc | 0.5.2 | 36.00 | 34.94 | 70.94 | NOTE | |
r-devel-linux-x86_64-fedora-clang | 0.5.2 | 167.86 | NOTE | |||
r-devel-linux-x86_64-fedora-gcc | 0.5.2 | 181.11 | NOTE | |||
r-devel-windows-x86_64 | 0.5.2 | 51.00 | 61.00 | 112.00 | NOTE | |
r-patched-linux-x86_64 | 0.5.2 | 57.78 | 43.65 | 101.43 | NOTE | |
r-release-linux-x86_64 | 0.5.2 | 53.61 | 44.61 | 98.22 | NOTE | |
r-release-macos-arm64 | 0.5.2 | 51.00 | NOTE | |||
r-release-macos-x86_64 | 0.5.2 | 122.00 | NOTE | |||
r-release-windows-x86_64 | 0.5.2 | 56.00 | 61.00 | 117.00 | NOTE | |
r-oldrel-macos-arm64 | 0.5.2 | 51.00 | NOTE | |||
r-oldrel-macos-x86_64 | 0.5.2 | 76.00 | NOTE | |||
r-oldrel-windows-x86_64 | 0.5.2 | 53.00 | 73.00 | 126.00 | NOTE |
Version: 0.5.2
Check: Rd files
Result: NOTE
checkRd: (-1) Error-Classes.Rd:107-119: Lost braces
107 | \item \code{do_verbose(response, template)} {
| ^
checkRd: (-1) Error.Rd:33-45: Lost braces
33 | \item \code{do(response, mssg)} {
| ^
Flavors: r-devel-linux-x86_64-debian-clang, r-devel-linux-x86_64-debian-gcc, r-devel-linux-x86_64-fedora-clang, r-devel-linux-x86_64-fedora-gcc, r-devel-windows-x86_64, r-patched-linux-x86_64, r-release-linux-x86_64, r-release-macos-arm64, r-release-macos-x86_64, r-release-windows-x86_64, r-oldrel-macos-arm64, r-oldrel-macos-x86_64, r-oldrel-windows-x86_64