Last updated on 2025-04-29 01:49:32 CEST.
Flavor | Version | Tinstall | Tcheck | Ttotal | Status | Flags |
---|---|---|---|---|---|---|
r-devel-linux-x86_64-debian-clang | 1.2.2 | 12.10 | 155.51 | 167.61 | OK | |
r-devel-linux-x86_64-debian-gcc | 1.2.2 | 8.05 | 106.02 | 114.07 | NOTE | |
r-devel-linux-x86_64-fedora-clang | 1.2.2 | 261.12 | OK | |||
r-devel-linux-x86_64-fedora-gcc | 1.2.2 | 264.95 | OK | |||
r-devel-windows-x86_64 | 1.2.2 | 23.00 | 191.00 | 214.00 | OK | |
r-patched-linux-x86_64 | 1.2.2 | 12.71 | 153.65 | 166.36 | OK | |
r-release-linux-x86_64 | 1.2.2 | 10.55 | 155.71 | 166.26 | OK | |
r-release-macos-arm64 | 1.2.2 | 99.00 | OK | |||
r-release-macos-x86_64 | 1.2.2 | 203.00 | OK | |||
r-release-windows-x86_64 | 1.2.2 | 22.00 | 189.00 | 211.00 | OK | |
r-oldrel-macos-arm64 | 1.2.2 | 85.00 | OK | |||
r-oldrel-macos-x86_64 | 1.2.2 | 191.00 | OK | |||
r-oldrel-windows-x86_64 | 1.2.2 | 28.00 | 248.00 | 276.00 | OK |
Version: 1.2.2
Check: examples
Result: NOTE
Examples with CPU (user + system) or elapsed time > 5s
user system elapsed
norm2likert 9.381 0.207 12.819
Flavor: r-devel-linux-x86_64-debian-gcc