Last updated on 2025-02-22 00:49:45 CET.
Flavor | Version | Tinstall | Tcheck | Ttotal | Status | Flags |
---|---|---|---|---|---|---|
r-devel-linux-x86_64-debian-clang | 1.2 | 13.04 | 21.92 | 34.96 | NOTE | |
r-devel-linux-x86_64-debian-gcc | 1.2 | 10.03 | 17.26 | 27.29 | NOTE | |
r-devel-linux-x86_64-fedora-clang | 1.2 | 62.28 | NOTE | |||
r-devel-linux-x86_64-fedora-gcc | 1.2 | 58.91 | NOTE | |||
r-devel-macos-arm64 | 1.2 | 21.00 | NOTE | |||
r-devel-macos-x86_64 | 1.2 | 47.00 | NOTE | |||
r-devel-windows-x86_64 | 1.2 | 16.00 | 63.00 | 79.00 | NOTE | |
r-patched-linux-x86_64 | 1.2 | 14.68 | 20.74 | 35.42 | NOTE | |
r-release-linux-x86_64 | 1.2 | 13.92 | 20.72 | 34.64 | NOTE | |
r-release-macos-arm64 | 1.2 | 23.00 | NOTE | |||
r-release-macos-x86_64 | 1.2 | 38.00 | NOTE | |||
r-release-windows-x86_64 | 1.2 | 15.00 | 63.00 | 78.00 | NOTE | |
r-oldrel-macos-arm64 | 1.2 | 23.00 | NOTE | |||
r-oldrel-macos-x86_64 | 1.2 | 37.00 | NOTE | |||
r-oldrel-windows-x86_64 | 1.2 | 19.00 | 96.00 | 115.00 | NOTE |
Version: 1.2
Check: C++ specification
Result: NOTE
Specified C++11: please drop specification unless essential
Flavors: r-devel-linux-x86_64-debian-clang, r-devel-linux-x86_64-debian-gcc, r-devel-linux-x86_64-fedora-clang, r-devel-linux-x86_64-fedora-gcc, r-devel-macos-arm64, r-devel-macos-x86_64, r-devel-windows-x86_64, r-patched-linux-x86_64, r-release-linux-x86_64, r-release-macos-arm64, r-release-macos-x86_64, r-release-windows-x86_64, r-oldrel-macos-arm64, r-oldrel-macos-x86_64, r-oldrel-windows-x86_64