Last updated on 2025-05-19 01:49:53 CEST.
Flavor | Version | Tinstall | Tcheck | Ttotal | Status | Flags |
---|---|---|---|---|---|---|
r-devel-linux-x86_64-debian-clang | 1.2 | 11.96 | 22.13 | 34.09 | NOTE | |
r-devel-linux-x86_64-debian-gcc | 1.2 | 10.04 | 17.88 | 27.92 | NOTE | |
r-devel-linux-x86_64-fedora-clang | 1.2 | 62.11 | NOTE | |||
r-devel-linux-x86_64-fedora-gcc | 1.2 | 63.57 | NOTE | |||
r-devel-windows-x86_64 | 1.2 | 16.00 | 71.00 | 87.00 | NOTE | |
r-patched-linux-x86_64 | 1.2 | 13.22 | 21.40 | 34.62 | NOTE | |
r-release-linux-x86_64 | 1.2 | 13.72 | 21.32 | 35.04 | NOTE | |
r-release-macos-arm64 | 1.2 | 28.00 | NOTE | |||
r-release-macos-x86_64 | 1.2 | 59.00 | NOTE | |||
r-release-windows-x86_64 | 1.2 | 17.00 | 72.00 | 89.00 | NOTE | |
r-oldrel-macos-arm64 | 1.2 | 23.00 | NOTE | |||
r-oldrel-macos-x86_64 | 1.2 | 38.00 | NOTE | |||
r-oldrel-windows-x86_64 | 1.2 | 18.00 | 73.00 | 91.00 | NOTE |
Version: 1.2
Check: CRAN incoming feasibility
Result: NOTE
Maintainer: ‘Xun Li <lixun910@gmail.com>’
No Authors@R field in DESCRIPTION.
Please add one, modifying
Authors@R: person(given = "Xun",
family = "Li",
role = c("aut", "cre"),
email = "lixun910@gmail.com")
as necessary.
Flavors: r-devel-linux-x86_64-debian-clang, r-devel-linux-x86_64-debian-gcc
Version: 1.2
Check: C++ specification
Result: NOTE
Specified C++11: please drop specification unless essential
Flavors: r-devel-linux-x86_64-debian-clang, r-devel-linux-x86_64-debian-gcc, r-devel-linux-x86_64-fedora-clang, r-devel-linux-x86_64-fedora-gcc, r-devel-windows-x86_64, r-patched-linux-x86_64, r-release-linux-x86_64, r-release-macos-arm64, r-release-macos-x86_64, r-release-windows-x86_64, r-oldrel-macos-arm64, r-oldrel-macos-x86_64, r-oldrel-windows-x86_64