Last updated on 2025-07-20 12:49:24 CEST.
Flavor | Version | Tinstall | Tcheck | Ttotal | Status | Flags |
---|---|---|---|---|---|---|
r-devel-linux-x86_64-debian-clang | 1.1.2 | 37.84 | 26.19 | 64.03 | NOTE | |
r-devel-linux-x86_64-debian-gcc | 1.1.2 | 26.00 | 21.42 | 47.42 | NOTE | |
r-devel-linux-x86_64-fedora-clang | 1.1.2 | 114.44 | NOTE | |||
r-devel-linux-x86_64-fedora-gcc | 1.1.2 | 101.36 | NOTE | |||
r-devel-windows-x86_64 | 1.1.2 | 45.00 | 67.00 | 112.00 | NOTE | |
r-patched-linux-x86_64 | 1.1.2 | 35.94 | 24.83 | 60.77 | NOTE | |
r-release-linux-x86_64 | 1.1.2 | 33.88 | 25.05 | 58.93 | NOTE | |
r-release-macos-arm64 | 1.1.2 | 34.00 | NOTE | |||
r-release-macos-x86_64 | 1.1.2 | 51.00 | NOTE | |||
r-release-windows-x86_64 | 1.1.2 | 42.00 | 67.00 | 109.00 | NOTE | |
r-oldrel-macos-arm64 | 1.1.2 | 30.00 | NOTE | |||
r-oldrel-macos-x86_64 | 1.1.2 | 40.00 | NOTE | |||
r-oldrel-windows-x86_64 | 1.1.2 | 52.00 | 79.00 | 131.00 | NOTE |
Version: 1.1.2
Check: C++ specification
Result: NOTE
Specified C++11: please drop specification unless essential
Flavors: r-devel-linux-x86_64-debian-clang, r-devel-linux-x86_64-debian-gcc, r-devel-linux-x86_64-fedora-clang, r-devel-linux-x86_64-fedora-gcc, r-devel-windows-x86_64, r-patched-linux-x86_64, r-release-linux-x86_64, r-release-macos-arm64, r-release-macos-x86_64, r-release-windows-x86_64, r-oldrel-macos-arm64, r-oldrel-macos-x86_64, r-oldrel-windows-x86_64
Version: 1.1.2
Check: installed package size
Result: NOTE
installed size is 5.6Mb
sub-directories of 1Mb or more:
data 3.1Mb
libs 2.5Mb
Flavors: r-oldrel-macos-arm64, r-oldrel-macos-x86_64