Last updated on 2025-07-19 13:50:12 CEST.
Flavor | Version | Tinstall | Tcheck | Ttotal | Status | Flags |
---|---|---|---|---|---|---|
r-devel-linux-x86_64-debian-clang | 2.2.2 | 22.42 | 235.32 | 257.74 | OK | |
r-devel-linux-x86_64-debian-gcc | 2.2.2 | 14.82 | 246.77 | 261.59 | ERROR | |
r-devel-linux-x86_64-fedora-clang | 2.2.2 | 450.57 | OK | |||
r-devel-linux-x86_64-fedora-gcc | 2.2.2 | 462.51 | OK | |||
r-devel-windows-x86_64 | 2.2.2 | 72.00 | 1016.00 | 1088.00 | OK | |
r-patched-linux-x86_64 | 2.2.2 | 32.06 | 217.26 | 249.32 | OK | |
r-release-linux-x86_64 | 2.2.2 | 17.84 | 218.62 | 236.46 | OK | |
r-release-macos-arm64 | 2.2.2 | 139.00 | OK | |||
r-release-macos-x86_64 | 2.2.2 | 230.00 | OK | |||
r-release-windows-x86_64 | 2.2.2 | 70.00 | 881.00 | 951.00 | OK | |
r-oldrel-macos-arm64 | 2.2.2 | 94.00 | NOTE | |||
r-oldrel-macos-x86_64 | 2.2.2 | 183.00 | NOTE | |||
r-oldrel-windows-x86_64 | 2.2.2 | 57.00 | 638.00 | 695.00 | NOTE |
Version: 2.2.2
Check: whether the package can be loaded
Result: ERROR
Error in python_config_impl(python) :
Error running '/tmp/check-CRAN-regular-hornik/cache/R/reticulate/uv/cache/builds-v0/.tmpHdGhpQ/bin/python': No such file.
In addition: Warning message:
In normalizePath(python_home) :
path[1]="/tmp/check-CRAN-regular-hornik/cache/R/reticulate/uv/cache/builds-v0/.tmpHdGhpQ/bin": No such file or directory
Attaching package: ‘fastai’
The following object is masked from ‘package:stats’:
reshape
The following object is masked from ‘package:graphics’:
plot
The following objects are masked from ‘package:grDevices’:
cm, colors, rgb2hsv
The following object is masked from ‘package:methods’:
show
The following objects are masked from ‘package:base’:
Recall, plot
It looks like this package has a loading problem: see the messages for
details.
Flavor: r-devel-linux-x86_64-debian-gcc
Version: 2.2.2
Check: whether the package can be loaded with stated dependencies
Result: WARN
Error in python_config_impl(python) :
Error running '/tmp/check-CRAN-regular-hornik/cache/R/reticulate/uv/cache/builds-v0/.tmpjEAGXY/bin/python': No such file.
In addition: Warning message:
In normalizePath(python_home) :
path[1]="/tmp/check-CRAN-regular-hornik/cache/R/reticulate/uv/cache/builds-v0/.tmpjEAGXY/bin": No such file or directory
Attaching package: ‘fastai’
The following objects are masked from ‘package:base’:
Recall, plot
It looks like this package (or one of its dependent packages) has an
unstated dependence on a standard package. All dependencies must be
declared in DESCRIPTION.
See section ‘The DESCRIPTION file’ in the ‘Writing R Extensions’
manual.
Flavor: r-devel-linux-x86_64-debian-gcc
Version: 2.2.2
Check: whether the package can be unloaded cleanly
Result: WARN
---- unloading
Flavor: r-devel-linux-x86_64-debian-gcc
Version: 2.2.2
Check: whether the namespace can be loaded with stated dependencies
Result: WARN
Warning in normalizePath(python_home) :
path[1]="/tmp/check-CRAN-regular-hornik/cache/R/reticulate/uv/cache/builds-v0/.tmpL6BKOn/bin": No such file or directory
Error in python_config_impl(python) :
Error running '/tmp/check-CRAN-regular-hornik/cache/R/reticulate/uv/cache/builds-v0/.tmpL6BKOn/bin/python': No such file.
A namespace must be able to be loaded with just the base namespace
loaded: otherwise if the namespace gets loaded by a saved object, the
session will be unable to start.
Probably some imports need to be declared in the NAMESPACE file.
Flavor: r-devel-linux-x86_64-debian-gcc
Version: 2.2.2
Check: whether the namespace can be unloaded cleanly
Result: WARN
---- unloading
Flavor: r-devel-linux-x86_64-debian-gcc
Version: 2.2.2
Check: loading without being on the library search path
Result: WARN
Error in python_config_impl(python) :
Error running '/tmp/check-CRAN-regular-hornik/cache/R/reticulate/uv/cache/builds-v0/.tmpmBPTgT/bin/python': No such file.
In addition: Warning message:
In normalizePath(python_home) :
path[1]="/tmp/check-CRAN-regular-hornik/cache/R/reticulate/uv/cache/builds-v0/.tmpmBPTgT/bin": No such file or directory
Attaching package: ‘fastai’
The following object is masked from ‘package:stats’:
reshape
The following object is masked from ‘package:graphics’:
plot
The following objects are masked from ‘package:grDevices’:
cm, colors, rgb2hsv
The following object is masked from ‘package:methods’:
show
The following objects are masked from ‘package:base’:
Recall, plot
It looks like this package has a loading problem when not on .libPaths:
see the messages for details.
Flavor: r-devel-linux-x86_64-debian-gcc
Version: 2.2.2
Check: whether startup messages can be suppressed
Result: NOTE
Error in python_config_impl(python) :
Error running '/tmp/check-CRAN-regular-hornik/cache/R/reticulate/uv/cache/builds-v0/.tmpYr59M0/bin/python': No such file.
It looks like this package (or a package it requires) has a startup
message which cannot be suppressed: see ?packageStartupMessage.
Flavor: r-devel-linux-x86_64-debian-gcc
Version: 2.2.2
Check: R code for possible problems
Result: NOTE
Error in python_config_impl(python) :
Error running '/tmp/check-CRAN-regular-hornik/cache/R/reticulate/uv/cache/builds-v0/.tmpqxxFZx/bin/python': No such file.
Flavor: r-devel-linux-x86_64-debian-gcc
Version: 2.2.2
Check: installed package size
Result: NOTE
installed size is 5.2Mb
sub-directories of 1Mb or more:
doc 2.9Mb
help 1.3Mb
Flavors: r-oldrel-macos-arm64, r-oldrel-macos-x86_64, r-oldrel-windows-x86_64