Last updated on 2024-07-13 12:48:14 CEST.
Flavor | Version | Tinstall | Tcheck | Ttotal | Status | Flags |
---|---|---|---|---|---|---|
r-devel-linux-x86_64-debian-clang | 2.2.2 | 25.02 | 303.56 | 328.58 | OK | |
r-devel-linux-x86_64-debian-gcc | 2.2.2 | 21.59 | 227.65 | 249.24 | OK | |
r-devel-linux-x86_64-fedora-clang | 2.2.2 | 444.12 | NOTE | |||
r-devel-linux-x86_64-fedora-gcc | 2.2.2 | 446.13 | OK | |||
r-devel-windows-x86_64 | 2.2.2 | 91.00 | 1258.00 | 1349.00 | NOTE | |
r-patched-linux-x86_64 | 2.2.2 | 43.23 | 297.48 | 340.71 | OK | |
r-release-linux-x86_64 | 2.2.2 | 22.33 | 301.02 | 323.35 | OK | |
r-release-macos-arm64 | 2.2.2 | 94.00 | NOTE | |||
r-release-macos-x86_64 | 2.2.2 | 183.00 | NOTE | |||
r-release-windows-x86_64 | 2.2.2 | 90.00 | 1040.00 | 1130.00 | NOTE | |
r-oldrel-macos-arm64 | 2.2.2 | 112.00 | NOTE | |||
r-oldrel-macos-x86_64 | 2.2.2 | 194.00 | NOTE | |||
r-oldrel-windows-x86_64 | 2.2.2 | 66.00 | 716.00 | 782.00 | NOTE |
Version: 2.2.2
Check: installed package size
Result: NOTE
installed size is 5.2Mb
sub-directories of 1Mb or more:
doc 3.0Mb
help 1.3Mb
Flavors: r-devel-linux-x86_64-fedora-clang, r-devel-windows-x86_64, r-release-macos-arm64, r-release-macos-x86_64, r-release-windows-x86_64, r-oldrel-macos-arm64, r-oldrel-macos-x86_64, r-oldrel-windows-x86_64