Last updated on 2025-05-19 01:49:53 CEST.
Flavor | Version | Tinstall | Tcheck | Ttotal | Status | Flags |
---|---|---|---|---|---|---|
r-devel-linux-x86_64-debian-clang | 1.2.4 | 13.18 | 120.58 | 133.76 | NOTE | |
r-devel-linux-x86_64-debian-gcc | 1.2.4 | 10.01 | 81.79 | 91.80 | NOTE | |
r-devel-linux-x86_64-fedora-clang | 1.2.4 | 203.56 | OK | |||
r-devel-linux-x86_64-fedora-gcc | 1.2.4 | 216.95 | OK | |||
r-devel-windows-x86_64 | 1.2.4 | 24.00 | 159.00 | 183.00 | NOTE | |
r-patched-linux-x86_64 | 1.2.4 | 13.20 | 110.32 | 123.52 | NOTE | |
r-release-linux-x86_64 | 1.2.4 | 13.23 | 110.94 | 124.17 | NOTE | |
r-release-macos-arm64 | 1.2.4 | 66.00 | OK | |||
r-release-macos-x86_64 | 1.2.4 | 120.00 | OK | |||
r-release-windows-x86_64 | 1.2.4 | 19.00 | 139.00 | 158.00 | NOTE | |
r-oldrel-macos-arm64 | 1.2.4 | 61.00 | OK | |||
r-oldrel-macos-x86_64 | 1.2.4 | 101.00 | OK | |||
r-oldrel-windows-x86_64 | 1.2.4 | 24.00 | 176.00 | 200.00 | OK |
Version: 1.2.4
Check: Rd cross-references
Result: NOTE
Found the following Rd file(s) with Rd \link{} targets missing package
anchors:
SSplot.Rd: rand
col.fastR.Rd: trellis.par.set, show.settings
maxLik2.Rd: maxLik
plot.maxLik2.Rd: maxLik
Please provide package anchors for all Rd \link{} targets not in the
package itself and the base packages.
Flavors: r-devel-linux-x86_64-debian-clang, r-devel-linux-x86_64-debian-gcc, r-devel-windows-x86_64, r-patched-linux-x86_64, r-release-linux-x86_64, r-release-windows-x86_64