Last updated on 2024-08-16 12:49:08 CEST.
Flavor | Version | Tinstall | Tcheck | Ttotal | Status | Flags |
---|---|---|---|---|---|---|
r-devel-linux-x86_64-debian-clang | 1.2-4 | 3.17 | 19.84 | 23.01 | OK | |
r-devel-linux-x86_64-debian-gcc | 1.2-4 | 2.34 | 15.73 | 18.07 | OK | |
r-devel-linux-x86_64-fedora-clang | 1.2-4 | 37.65 | OK | |||
r-devel-linux-x86_64-fedora-gcc | 1.2-4 | 35.82 | OK | |||
r-devel-windows-x86_64 | 1.2-4 | 6.00 | 44.00 | 50.00 | WARN | |
r-patched-linux-x86_64 | 1.2-4 | 2.84 | 19.04 | 21.88 | OK | |
r-release-linux-x86_64 | 1.2-4 | 2.78 | 19.17 | 21.95 | OK | |
r-release-macos-arm64 | 1.2-4 | 18.00 | OK | |||
r-release-macos-x86_64 | 1.2-4 | 27.00 | OK | |||
r-release-windows-x86_64 | 1.2-4 | 7.00 | 52.00 | 59.00 | WARN | |
r-oldrel-macos-arm64 | 1.2-4 | 30.00 | OK | |||
r-oldrel-macos-x86_64 | 1.2-4 | 52.00 | OK | |||
r-oldrel-windows-x86_64 | 1.2-4 | 6.00 | 47.00 | 53.00 | OK |
Version: 1.2-4
Check: whether package can be installed
Result: WARN
Found the following significant warnings:
ica.c:100:25: warning: format '%lu' expects argument of type 'long unsigned int', but argument 2 has type 'size_t' {aka 'long long unsigned int'} [-Wformat=]
ica.c:100:31: warning: format '%lu' expects argument of type 'long unsigned int', but argument 3 has type 'size_t' {aka 'long long unsigned int'} [-Wformat=]
See 'd:/Rcompile/CRANpkg/local/4.5/fastICA.Rcheck/00install.out' for details.
* used C compiler: 'gcc.exe (GCC) 13.2.0'
Flavor: r-devel-windows-x86_64
Version: 1.2-4
Check: whether package can be installed
Result: WARN
Found the following significant warnings:
ica.c:100:25: warning: format '%lu' expects argument of type 'long unsigned int', but argument 2 has type 'size_t' {aka 'long long unsigned int'} [-Wformat=]
ica.c:100:31: warning: format '%lu' expects argument of type 'long unsigned int', but argument 3 has type 'size_t' {aka 'long long unsigned int'} [-Wformat=]
See 'd:/Rcompile/CRANpkg/local/4.4/fastICA.Rcheck/00install.out' for details.
* used C compiler: 'gcc.exe (GCC) 13.2.0'
Flavor: r-release-windows-x86_64