Last updated on 2024-07-13 12:48:14 CEST.
Flavor | Version | Tinstall | Tcheck | Ttotal | Status | Flags |
---|---|---|---|---|---|---|
r-devel-linux-x86_64-debian-clang | 2.1.2 | 33.11 | 27.62 | 60.73 | OK | |
r-devel-linux-x86_64-debian-gcc | 2.1.2 | 29.16 | 20.62 | 49.78 | OK | |
r-devel-linux-x86_64-fedora-clang | 2.1.2 | 79.60 | OK | |||
r-devel-linux-x86_64-fedora-gcc | 2.1.2 | 116.40 | OK | |||
r-devel-windows-x86_64 | 2.1.2 | 38.00 | 60.00 | 98.00 | OK | |
r-patched-linux-x86_64 | 2.1.2 | 37.17 | 26.59 | 63.76 | OK | |
r-release-linux-x86_64 | 2.1.2 | 38.14 | 26.34 | 64.48 | OK | |
r-release-macos-arm64 | 2.1.2 | 40.00 | OK | |||
r-release-macos-x86_64 | 2.1.2 | 38.00 | NOTE | |||
r-release-windows-x86_64 | 2.1.2 | 37.00 | 59.00 | 96.00 | OK | |
r-oldrel-macos-arm64 | 2.1.2 | 41.00 | OK | |||
r-oldrel-macos-x86_64 | 2.1.2 | 97.00 | NOTE | |||
r-oldrel-windows-x86_64 | 2.1.2 | 39.00 | 63.00 | 102.00 | OK |
Version: 2.1.2
Check: installed package size
Result: NOTE
installed size is 5.4Mb
sub-directories of 1Mb or more:
help 1.6Mb
libs 3.8Mb
Flavors: r-release-macos-x86_64, r-oldrel-macos-x86_64